2012-11-21 16:15:28.548947 7fe1c5003700 2 -- 10.252.24.88:6789/0 >> 10.252.24.25:6789/0 pipe(0x1a2e900 sd=16 :0 pgs=0 cs=0 l=0).connect error 10.252.24.25:6789/0, 111: Connection refused -251>
2012-11-21 16:15:28.549094 7fe1c5003700 2 -- 10.252.24.88:6789/0 >> 10.252.24.25:6789/0 pipe(0x1a2e900 sd=16 :0 pgs=0 cs=0 l=0).connect error 10.252.24.25:6789/0, 111: Connection refused -250>
2012-11-21 16:15:28.549240 7fe1c5003700 2 -- 10.252.24.88:6789/0 >> 10.252.24.25:6789/0 pipe(0x1a2e900 sd=16 :0 pgs=0 cs=0 l=0).connect error 10.252.24.25:6789/0, 111: Connection refused -249>
2012-11-21 16:15:28.549386 7fe1c5003700 2 -- 10.252.24.88:6789/0 >> 10.252.24.25:6789/0 pipe(0x1a2e900 sd=16 :0 pgs=0 cs=0 l=0).connect error 10.252.24.25:6789/0, 111: Connection refused -248>
2012-11-21 16:15:28.549530 7fe1c5003700 2 -- 10.252.24.88:6789/0 >> 10.252.24.25:6789/0 pipe(0x1a2e900 sd=16 :0 pgs=0 cs=0 l=0).connect error 10.252.24.25:6789/0, 111: Connection refused -247>
2012-11-21 16:15:28.549683 7fe1c5003700 2 -- 10.252.24.88:6789/0 >> 10.252.24.25:6789/0 pipe(0x1a2e900 sd=16 :0 pgs=0 cs=0 l=0).connect error 10.252.24.25:6789/0, 111: Connection refused -246>
2012-11-21 16:15:28.549836 7fe1c5003700 2 -- 10.252.24.88:6789/0 >> 10.252.24.25:6789/0 pipe(0x1a2e900 sd=16 :0 pgs=0 cs=0 l=0).connect error 10.252.24.25:6789/0, 111: Connection refused -245>
2012-11-21 16:15:28.550016 7fe1c5003700 2 -- 10.252.24.88:6789/0 >> 10.252.24.25:6789/0 pipe(0x1a2e900 sd=16 :0 pgs=0 cs=0 l=0).connect error 10.252.24.25:6789/0, 111: Connection refused -244>
2012-11-21 16:15:28.550193 7fe1c5003700 2 -- 10.252.24.88:6789/0 >> 10.252.24.25:6789/0 pipe(0x1a2e900 sd=16 :0 pgs=0 cs=0 l=0).connect error 10.252.24.25:6789/0, 111: Connection refused -243>
2012-11-21 16:15:28.550370 7fe1c5003700 2 -- 10.252.24.88:6789/0 >> 10.252.24.25:6789/0 pipe(0x1a2e900 sd=16 :0 pgs=0 cs=0 l=0).connect error 10.252.24.25:6789/0, 111: Connection refused -242>
2012-11-21 16:15:28.550529 7fe1c5003700 2 -- 10.252.24.88:6789/0 >> 10.252.24.25:6789/0 pipe(0x1a2e900 sd=16 :0 pgs=0 cs=0 l=0).connect error 10.252.24.25:6789/0, 111: Connection refused -241>
2012-11-21 16:15:28.550680 7fe1c5003700 2 -- 10.252.24.88:6789/0 >> 10.252.24.25:6789/0 pipe(0x1a2e900 sd=16 :0 pgs=0 cs=0 l=0).connect error 10.252.24.25:6789/0, 111: Connection refused -240>
2012-11-21 16:15:28.550851 7fe1c5003700 2 -- 10.252.24.88:6789/0 >> 10.252.24.25:6789/0 pipe(0x1a2e900 sd=16 :0 pgs=0 cs=0 l=0).connect error 10.252.24.25:6789/0, 111: Connection refused -239>
2012-11-21 16:15:28.550999 7fe1c5003700 2 -- 10.252.24.88:6789/0 >> 10.252.24.25:6789/0 pipe(0x1a2e900 sd=16 :0 pgs=0 cs=0 l=0).connect error 10.252.24.25:6789/0, 111: Connection refused -238>
2012-11-21 16:15:28.551145 7fe1c5003700 2 -- 10.252.24.88:6789/0 >> 10.252.24.25:6789/0 pipe(0x1a2e900 sd=16 :0 pgs=0 cs=0 l=0).connect error 10.252.24.25:6789/0, 111: Connection refused -237>
2012-11-21 16:15:28.551287 7fe1c5003700 2 -- 10.252.24.88:6789/0 >> 10.252.24.25:6789/0 pipe(0x1a2e900 sd=16 :0 pgs=0 cs=0 l=0).connect error 10.252.24.25:6789/0, 111: Connection refused -236>
2012-11-21 16:15:28.551430 7fe1c5003700 2 -- 10.252.24.88:6789/0 >> 10.252.24.25:6789/0 pipe(0x1a2e900 sd=16 :0 pgs=0 cs=0 l=0).connect error 10.252.24.25:6789/0, 111: Connection refused -235>
2012-11-21 16:15:28.551572 7fe1c5003700 2 -- 10.252.24.88:6789/0 >> 10.252.24.25:6789/0 pipe(0x1a2e900 sd=16 :0 pgs=0 cs=0 l=0).connect error 10.252.24.25:6789/0, 111: Connection refused -234>
2012-11-21 16:15:28.551714 7fe1c5003700 2 -- 10.252.24.88:6789/0 >> 10.252.24.25:6789/0 pipe(0x1a2e900 sd=16 :0 pgs=0 cs=0 l=0).connect error 10.252.24.25:6789/0, 111: Connection refused -233>
2012-11-21 16:15:28.551856 7fe1c5003700 2 -- 10.252.24.88:6789/0 >> 10.252.24.25:6789/0 pipe(0x1a2e900 sd=16 :0 pgs=0 cs=0 l=0).connect error 10.252.24.25:6789/0, 111: Connection refused -232>
2012-11-21 16:15:28.551998 7fe1c5003700 2 -- 10.252.24.88:6789/0 >> 10.252.24.25:6789/0 pipe(0x1a2e900 sd=16 :0 pgs=0 cs=0 l=0).connect error 10.252.24.25:6789/0, 111: Connection refused -231>
2012-11-21 16:15:28.552141 7fe1c5003700 2 -- 10.252.24.88:6789/0 >> 10.252.24.25:6789/0 pipe(0x1a2e900 sd=16 :0 pgs=0 cs=0 l=0).connect error 10.252.24.25:6789/0, 111: Connection refused -230>
2012-11-21 16:15:28.552281 7fe1c5003700 2 -- 10.252.24.88:6789/0 >> 10.252.24.25:6789/0 pipe(0x1a2e900 sd=16 :0 pgs=0 cs=0 l=0).connect error 10.252.24.25:6789/0, 111: Connection refused -229>
2012-11-21 16:15:28.552423 7fe1c5003700 2 -- 10.252.24.88:6789/0 >> 10.252.24.25:6789/0 pipe(0x1a2e900 sd=16 :0 pgs=0 cs=0 l=0).connect error 10.252.24.25:6789/0, 111: Connection refused -228>
2012-11-21 16:15:28.552564 7fe1c5003700 2 -- 10.252.24.88:6789/0 >> 10.252.24.25:6789/0 pipe(0x1a2e900 sd=16 :0 pgs=0 cs=0 l=0).connect error 10.252.24.25:6789/0, 111: Connection refused -227>
2012-11-21 16:15:28.552705 7fe1c5003700 2 -- 10.252.24.88:6789/0 >> 10.252.24.25:6789/0 pipe(0x1a2e900 sd=16 :0 pgs=0 cs=0 l=0).connect error 10.252.24.25:6789/0, 111: Connection refused -226>
2012-11-21 16:15:28.552848 7fe1c5003700 2 -- 10.252.24.88:6789/0 >> 10.252.24.25:6789/0 pipe(0x1a2e900 sd=16 :0 pgs=0 cs=0 l=0).connect error 10.252.24.25:6789/0, 111: Connection refused -225>
2012-11-21 16:15:28.552991 7fe1c5003700 2 -- 10.252.24.88:6789/0 >> 10.252.24.25:6789/0 pipe(0x1a2e900 sd=16 :0 pgs=0 cs=0 l=0).connect error 10.252.24.25:6789/0, 111: Connection refused -224>
2012-11-21 16:15:28.553134 7fe1c5003700 2 -- 10.252.24.88:6789/0 >> 10.252.24.25:6789/0 pipe(0x1a2e900 sd=16 :0 pgs=0 cs=0 l=0).connect error 10.252.24.25:6789/0, 111: Connection refused -223>
2012-11-21 16:15:28.553276 7fe1c5003700 2 -- 10.252.24.88:6789/0 >> 10.252.24.25:6789/0 pipe(0x1a2e900 sd=16 :0 pgs=0 cs=0 l=0).connect error 10.252.24.25:6789/0, 111: Connection refused -222>
2012-11-21 16:15:28.553419 7fe1c5003700 2 -- 10.252.24.88:6789/0 >> 10.252.24.25:6789/0 pipe(0x1a2e900 sd=16 :0 pgs=0 cs=0 l=0).connect error 10.252.24.25:6789/0, 111: Connection refused -221>
2012-11-21 16:15:28.553562 7fe1c5003700 2 -- 10.252.24.88:6789/0 >> 10.252.24.25:6789/0 pipe(0x1a2e900 sd=16 :0 pgs=0 cs=0 l=0).connect error 10.252.24.25:6789/0, 111: Connection refused -220>
2012-11-21 16:15:28.553725 7fe1c5003700 2 -- 10.252.24.88:6789/0 >> 10.252.24.25:6789/0 pipe(0x1a2e900 sd=16 :0 pgs=0 cs=0 l=0).connect error 10.252.24.25:6789/0, 111: Connection refused -219>
2012-11-21 16:15:28.553869 7fe1c5003700 2 -- 10.252.24.88:6789/0 >> 10.252.24.25:6789/0 pipe(0x1a2e900 sd=16 :0 pgs=0 cs=0 l=0).connect error 10.252.24.25:6789/0, 111: Connection refused -218>
2012-11-21 16:15:28.554011 7fe1c5003700 2 -- 10.252.24.88:6789/0 >> 10.252.24.25:6789/0 pipe(0x1a2e900 sd=16 :0 pgs=0 cs=0 l=0).connect error 10.252.24.25:6789/0, 111: Connection refused -217>
2012-11-21 16:15:28.554153 7fe1c5003700 2 -- 10.252.24.88:6789/0 >> 10.252.24.25:6789/0 pipe(0x1a2e900 sd=16 :0 pgs=0 cs=0 l=0).connect error 10.252.24.25:6789/0, 111: Connection refused -216>
2012-11-21 16:15:28.554296 7fe1c5003700 2 -- 10.252.24.88:6789/0 >> 10.252.24.25:6789/0 pipe(0x1a2e900 sd=16 :0 pgs=0 cs=0 l=0).connect error 10.252.24.25:6789/0, 111: Connection refused -215>
2012-11-21 16:15:28.554437 7fe1c5003700 2 -- 10.252.24.88:6789/0 >> 10.252.24.25:6789/0 pipe(0x1a2e900 sd=16 :0 pgs=0 cs=0 l=0).connect error 10.252.24.25:6789/0, 111: Connection refused -214>
2012-11-21 16:15:28.554580 7fe1c5003700 2 -- 10.252.24.88:6789/0 >> 10.252.24.25:6789/0 pipe(0x1a2e900 sd=16 :0 pgs=0 cs=0 l=0).connect error 10.252.24.25:6789/0, 111: Connection refused -213>
2012-11-21 16:15:28.554722 7fe1c5003700 2 -- 10.252.24.88:6789/0 >> 10.252.24.25:6789/0 pipe(0x1a2e900 sd=16 :0 pgs=0 cs=0 l=0).connect error 10.252.24.25:6789/0, 111: Connection refused -212>
2012-11-21 16:15:28.554864 7fe1c5003700 2 -- 10.252.24.88:6789/0 >> 10.252.24.25:6789/0 pipe(0x1a2e900 sd=16 :0 pgs=0 cs=0 l=0).connect error 10.252.24.25:6789/0, 111: Connection refused -211>
2012-11-21 16:15:28.555007 7fe1c5003700 2 -- 10.252.24.88:6789/0 >> 10.252.24.25:6789/0 pipe(0x1a2e900 sd=16 :0 pgs=0 cs=0 l=0).connect error 10.252.24.25:6789/0, 111: Connection refused -210>
2012-11-21 16:15:28.555157 7fe1c5003700 2 -- 10.252.24.88:6789/0 >> 10.252.24.25:6789/0 pipe(0x1a2e900 sd=16 :0 pgs=0 cs=0 l=0).connect error 10.252.24.25:6789/0, 111: Connection refused -209>
2012-11-21 16:15:28.555299 7fe1c5003700 2 -- 10.252.24.88:6789/0 >> 10.252.24.25:6789/0 pipe(0x1a2e900 sd=16 :0 pgs=0 cs=0 l=0).connect error 10.252.24.25:6789/0, 111: Connection refused -208>
2012-11-21 16:15:28.555441 7fe1c5003700 2 -- 10.252.24.88:6789/0 >> 10.252.24.25:6789/0 pipe(0x1a2e900 sd=16 :0 pgs=0 cs=0 l=0).connect error 10.252.24.25:6789/0, 111: Connection refused -207>
2012-11-21 16:15:28.555584 7fe1c5003700 2 -- 10.252.24.88:6789/0 >> 10.252.24.25:6789/0 pipe(0x1a2e900 sd=16 :0 pgs=0 cs=0 l=0).connect error 10.252.24.25:6789/0, 111: Connection refused -206>
2012-11-21 16:15:28.555728 7fe1c5003700 2 -- 10.252.24.88:6789/0 >> 10.252.24.25:6789/0 pipe(0x1a2e900 sd=16 :0 pgs=0 cs=0 l=0).connect error 10.252.24.25:6789/0, 111: Connection refused -205>
2012-11-21 16:15:28.555868 7fe1c5003700 2 -- 10.252.24.88:6789/0 >> 10.252.24.25:6789/0 pipe(0x1a2e900 sd=16 :0 pgs=0 cs=0 l=0).connect error 10.252.24.25:6789/0, 111: Connection refused -204>
2012-11-21 16:15:28.556010 7fe1c5003700 2 -- 10.252.24.88:6789/0 >> 10.252.24.25:6789/0 pipe(0x1a2e900 sd=16 :0 pgs=0 cs=0 l=0).connect error 10.252.24.25:6789/0, 111: Connection refused -203>
2012-11-21 16:15:28.556152 7fe1c5003700 2 -- 10.252.24.88:6789/0 >> 10.252.24.25:6789/0 pipe(0x1a2e900 sd=16 :0 pgs=0 cs=0 l=0).connect error 10.252.24.25:6789/0, 111: Connection refused -202>
2012-11-21 16:15:28.556294 7fe1c5003700 2 -- 10.252.24.88:6789/0 >> 10.252.24.25:6789/0 pipe(0x1a2e900 sd=16 :0 pgs=0 cs=0 l=0).connect error 10.252.24.25:6789/0, 111: Connection refused -201>
2012-11-21 16:15:28.556437 7fe1c5003700 2 -- 10.252.24.88:6789/0 >> 10.252.24.25:6789/0 pipe(0x1a2e900 sd=16 :0 pgs=0 cs=0 l=0).connect error 10.252.24.25:6789/0, 111: Connection refused -200>
2012-11-21 16:15:28.556580 7fe1c5003700 2 -- 10.252.24.88:6789/0 >> 10.252.24.25:6789/0 pipe(0x1a2e900 sd=16 :0 pgs=0 cs=0 l=0).connect error 10.252.24.25:6789/0, 111: Connection refused -199>
2012-11-21 16:15:28.556722 7fe1c5003700 2 -- 10.252.24.88:6789/0 >> 10.252.24.25:6789/0 pipe(0x1a2e900 sd=16 :0 pgs=0 cs=0 l=0).connect error 10.252.24.25:6789/0, 111: Connection refused -198>
2012-11-21 16:15:28.556863 7fe1c5003700 2 -- 10.252.24.88:6789/0 >> 10.252.24.25:6789/0 pipe(0x1a2e900 sd=16 :0 pgs=0 cs=0 l=0).connect error 10.252.24.25:6789/0, 111: Connection refused -197>
2012-11-21 16:15:28.557005 7fe1c5003700 2 -- 10.252.24.88:6789/0 >> 10.252.24.25:6789/0 pipe(0x1a2e900 sd=16 :0 pgs=0 cs=0 l=0).connect error 10.252.24.25:6789/0, 111: Connection refused -196>
2012-11-21 16:15:28.557148 7fe1c5003700 2 -- 10.252.24.88:6789/0 >> 10.252.24.25:6789/0 pipe(0x1a2e900 sd=16 :0 pgs=0 cs=0 l=0).connect error 10.252.24.25:6789/0, 111: Connection refused -195>
2012-11-21 16:15:28.557290 7fe1c5003700 2 -- 10.252.24.88:6789/0 >> 10.252.24.25:6789/0 pipe(0x1a2e900 sd=16 :0 pgs=0 cs=0 l=0).connect error 10.252.24.25:6789/0, 111: Connection refused -194>
2012-11-21 16:15:28.557432 7fe1c5003700 2 -- 10.252.24.88:6789/0 >> 10.252.24.25:6789/0 pipe(0x1a2e900 sd=16 :0 pgs=0 cs=0 l=0).connect error 10.252.24.25:6789/0, 111: Connection refused -193>
2012-11-21 16:15:28.557574 7fe1c5003700 2 -- 10.252.24.88:6789/0 >> 10.252.24.25:6789/0 pipe(0x1a2e900 sd=16 :0 pgs=0 cs=0 l=0).connect error 10.252.24.25:6789/0, 111: Connection refused -192>
2012-11-21 16:15:28.557715 7fe1c5003700 2 -- 10.252.24.88:6789/0 >> 10.252.24.25:6789/0 pipe(0x1a2e900 sd=16 :0 pgs=0 cs=0 l=0).connect error 10.252.24.25:6789/0, 111: Connection refused -191>
2012-11-21 16:15:28.557857 7fe1c5003700 2 -- 10.252.24.88:6789/0 >> 10.252.24.25:6789/0 pipe(0x1a2e900 sd=16 :0 pgs=0 cs=0 l=0).connect error 10.252.24.25:6789/0, 111: Connection refused -190>
2012-11-21 16:15:28.557998 7fe1c5003700 2 -- 10.252.24.88:6789/0 >> 10.252.24.25:6789/0 pipe(0x1a2e900 sd=16 :0 pgs=0 cs=0 l=0).connect error 10.252.24.25:6789/0, 111: Connection refused -189>
2012-11-21 16:15:28.558140 7fe1c5003700 2 -- 10.252.24.88:6789/0 >> 10.252.24.25:6789/0 pipe(0x1a2e900 sd=16 :0 pgs=0 cs=0 l=0).connect error 10.252.24.25:6789/0, 111: Connection refused -188>
2012-11-21 16:15:28.558286 7fe1c5003700 2 -- 10.252.24.88:6789/0 >> 10.252.24.25:6789/0 pipe(0x1a2e900 sd=16 :0 pgs=0 cs=0 l=0).connect error 10.252.24.25:6789/0, 111: Connection refused -187>
2012-11-21 16:15:28.561404 7fe1c5003700 0 cephx: verify_authorizer_reply exception in decode_decrypt with AQAg/qxQkOtxIRAAcSiWTx6Sq4aY7BAUYzBKNA== -186>
2012-11-21 16:15:28.561416 7fe1c5003700 0 -- 10.252.24.88:6789/0 >> 10.252.24.25:6789/0 pipe(0x1a2e900 sd=16 :57604 pgs=0 cs=0 l=0).failed verifying authorize reply -185>
2012-11-21 16:15:28.562146 7fe1c5003700 0 cephx: verify_authorizer_reply exception in decode_decrypt with AQAg/qxQ2Bp9IRAAoaPx2iv70gc04bHVGbigtw== -184>
2012-11-21 16:15:28.562153 7fe1c5003700 0 -- 10.252.24.88:6789/0 >> 10.252.24.25:6789/0 pipe(0x1a2e900 sd=16 :57605 pgs=0 cs=0 l=0).failed verifying authorize reply -183>
2012-11-21 16:15:28.563158 7fe1c4afe700 1 -- 10.252.24.88:6789/0 >> :/0 pipe(0x1e09d80 sd=21 :6789 pgs=0 cs=0 l=0).accept sd=21 -182>
2012-11-21 16:15:28.563718 7fe1c5003700 3 -- 10.252.24.88:6789/0 >> 10.252.24.25:6789/0 pipe(0x1a2e900 sd=16 :57606 pgs=0 cs=0 l=0).connect got WAIT (connection race) -181>
2012-11-21 16:15:28.563753 7fe1c4afe700 0 -- 10.252.24.88:6789/0 >> 10.252.24.25:6789/0 pipe(0x1e09d80 sd=21 :6789 pgs=0 cs=0 l=0).accept connect_seq 0 vs existing 0 state wait -180>
2012-11-21 16:15:28.564157 7fe1c4afe700 5 throttle(msgr_dispatch_throttler-mon 0x1a3e488) get 87 (0 -> 87) -179>
2012-11-21 16:15:28.564186 7fe1c6106700 1 -- 10.252.24.88:6789/0 <== mon.1 10.252.24.25:6789/0 1 ==== mon_probe(probe d6e91ff1-9b43-4972-b7a7-a22d84497d78 name hotcpc9039) v3 ==== 87+0+0 (2914156390 0 0) 0x1aa4000 con 0x1aa63c0 -178>
2012-11-21 16:15:28.564201 7fe1c6106700 5 mon.hotcpc12533@2(peon) e3 setting monitor caps on this connection -177>
2012-11-21 16:15:28.564215 7fe1c6106700 1 -- 10.252.24.88:6789/0 --> 10.252.24.25:6789/0 -- mon_probe(reply d6e91ff1-9b43-4972-b7a7-a22d84497d78 name hotcpc12533 quorum 0,2 versions {auth=200,logm=2444,mdsmap=32,monmap=3,osdmap=776,pgmap=1708}) v3 -- ?+0 0x1de79c0 con 0x1aa63c0 -176>
2012-11-21 16:15:28.564226 7fe1c6106700 5 throttle(msgr_dispatch_throttler-mon 0x1a3e488) put 87 (0x8c7448 -> 0) -175>
2012-11-21 16:15:28.564681 7fe1c4afe700 5 throttle(msgr_dispatch_throttler-mon 0x1a3e488) get 685 (0 -> 685) -174>
2012-11-21 16:15:28.564698 7fe1c6106700 1 -- 10.252.24.88:6789/0 <== mon.1 10.252.24.25:6789/0 2 ==== mon_probe(reply d6e91ff1-9b43-4972-b7a7-a22d84497d78 name hotcpc9039 versions {auth=200,logm=2443,mdsmap=32,monmap=3,osdmap=776,pgmap=1708}) v3 ==== 685+0+0 (3298921512 0 0) 0x1aa5380 con 0x1aa63c0 -173>
2012-11-21 16:15:28.564705 7fe1c4afe700 5 throttle(msgr_dispatch_throttler-mon 0x1a3e488) get 685 (685 -> 1370) -172>
2012-11-21 16:15:28.564709 7fe1c6106700 5 throttle(msgr_dispatch_throttler-mon 0x1a3e488) put 685 (0x8c7448 -> 685) -171>
2012-11-21 16:15:28.564718 7fe1c6106700 1 -- 10.252.24.88:6789/0 <== mon.1 10.252.24.25:6789/0 3 ==== mon_probe(reply d6e91ff1-9b43-4972-b7a7-a22d84497d78 name hotcpc9039 versions {auth=200,logm=2443,mdsmap=32,monmap=3,osdmap=776,pgmap=1708}) v3 ==== 685+0+0 (3298921512 0 0) 0x1de7680 con 0x1aa63c0 -170>
2012-11-21 16:15:28.564728 7fe1c6106700 5 throttle(msgr_dispatch_throttler-mon 0x1a3e488) put 685 (0x8c7448 -> 0) -169>
2012-11-21 16:15:28.564766 7fe1c4afe700 5 throttle(msgr_dispatch_throttler-mon 0x1a3e488) get 685 (0 -> 685) -168>
2012-11-21 16:15:28.564780 7fe1c6106700 1 -- 10.252.24.88:6789/0 <== mon.1 10.252.24.25:6789/0 4 ==== mon_probe(reply d6e91ff1-9b43-4972-b7a7-a22d84497d78 name hotcpc9039 versions {auth=200,logm=2443,mdsmap=32,monmap=3,osdmap=776,pgmap=1708}) v3 ==== 685+0+0 (3298921512 0 0) 0x1aa4000 con 0x1aa63c0 -167>
2012-11-21 16:15:28.564790 7fe1c6106700 5 throttle(msgr_dispatch_throttler-mon 0x1a3e488) put 685 (0x8c7448 -> 0) -166>
2012-11-21 16:15:28.564799 7fe1c4afe700 5 throttle(msgr_dispatch_throttler-mon 0x1a3e488) get 685 (0 -> 685) -165>
2012-11-21 16:15:28.564813 7fe1c6106700 1 -- 10.252.24.88:6789/0 <== mon.1 10.252.24.25:6789/0 5 ==== mon_probe(reply d6e91ff1-9b43-4972-b7a7-a22d84497d78 name hotcpc9039 versions {auth=200,logm=2443,mdsmap=32,monmap=3,osdmap=776,pgmap=1708}) v3 ==== 685+0+0 (3298921512 0 0) 0x1aa56c0 con 0x1aa63c0 -164>
2012-11-21 16:15:28.564823 7fe1c6106700 5 throttle(msgr_dispatch_throttler-mon 0x1a3e488) put 685 (0x8c7448 -> 0) -163>
2012-11-21 16:15:28.564881 7fe1c4afe700 5 throttle(msgr_dispatch_throttler-mon 0x1a3e488) get 685 (0 -> 685) -162>
2012-11-21 16:15:28.564896 7fe1c6106700 1 -- 10.252.24.88:6789/0 <== mon.1 10.252.24.25:6789/0 6 ==== mon_probe(reply d6e91ff1-9b43-4972-b7a7-a22d84497d78 name hotcpc9039 versions {auth=200,logm=2443,mdsmap=32,monmap=3,osdmap=776,pgmap=1708}) v3 ==== 685+0+0 (3298921512 0 0) 0x1aa4d00 con 0x1aa63c0 -161>
2012-11-21 16:15:28.564905 7fe1c6106700 5 throttle(msgr_dispatch_throttler-mon 0x1a3e488) put 685 (0x8c7448 -> 0) -160>
2012-11-21 16:15:28.567508 7fe1c4afe700 5 throttle(msgr_dispatch_throttler-mon 0x1a3e488) get 535 (0 -> 535) -159>
2012-11-21 16:15:28.567568 7fe1c6106700 1 -- 10.252.24.88:6789/0 <== mon.1 10.252.24.25:6789/0 7 ==== election(d6e91ff1-9b43-4972-b7a7-a22d84497d78 propose 1) v3 ==== 535+0+0 (3793525197 0 0) 0x1e1e000 con 0x1aa63c0 -158>
2012-11-21 16:15:28.567591 7fe1c6106700 5 mon.hotcpc12533@2(peon).elector(2) handle_propose from mon.1 -157>
2012-11-21 16:15:28.567594 7fe1c6106700 5 mon.hotcpc12533@2(peon).elector(2) got propose from old epoch, quorum is 0,2, mon.1 must have just started -156>
2012-11-21 16:15:28.567606 7fe1c6106700 0 log [INF] : mon.hotcpc12533 calling new monitor election -155>
2012-11-21 16:15:28.567615 7fe1c6106700 1 -- 10.252.24.88:6789/0 --> mon.2 10.252.24.88:6789/0 -- log(1 entries) v1 -- ?+0 0x1df8a00 -154>
2012-11-21 16:15:28.567623 7fe1c6106700 5 mon.hotcpc12533@2(electing).elector(2) start -- can i be leader? -153>
2012-11-21 16:15:28.597806 7fe1c6106700 1 -- 10.252.24.88:6789/0 --> mon.0 10.97.4.84:6789/0 -- election(d6e91ff1-9b43-4972-b7a7-a22d84497d78 propose 3) v3 -- ?+0 0x1e09480 -152>
2012-11-21 16:15:28.597823 7fe1c6106700 1 -- 10.252.24.88:6789/0 --> mon.1 10.252.24.25:6789/0 -- election(d6e91ff1-9b43-4972-b7a7-a22d84497d78 propose 3) v3 -- ?+0 0x1b19d80 -151>
2012-11-21 16:15:28.597841 7fe1c6106700 5 mon.hotcpc12533@2(electing).elector(3) defer to 1 -150>
2012-11-21 16:15:28.597850 7fe1c6106700 1 -- 10.252.24.88:6789/0 --> mon.1 10.252.24.25:6789/0 -- election(d6e91ff1-9b43-4972-b7a7-a22d84497d78 ack 3) v3 -- ?+0 0x1b19900 -149>
2012-11-21 16:15:28.597857 7fe1c6106700 5 throttle(msgr_dispatch_throttler-mon 0x1a3e488) put 535 (0x8c7448 -> 0) -148>
2012-11-21 16:15:28.597861 7fe1c6106700 1 -- 10.252.24.88:6789/0 <== mon.2 10.252.24.88:6789/0 0 ==== log(1 entries) v1 ==== 0+0+0 (0 0 0) 0x1df8a00 con 0x1a35280 -147>
2012-11-21 16:15:28.597866 7fe1c6106700 1 mon.hotcpc12533@2(electing).paxos(logm active c 1943..2444) is_readable now=2012-11-21 16:15:28.597866 lease_expire=2012-11-21 16:15:32.085233 has v0 lc 2444 -146>
2012-11-21 16:15:28.599492 7fe1c4afe700 5 throttle(msgr_dispatch_throttler-mon 0x1a3e488) get 535 (0 -> 535) -145>
2012-11-21 16:15:28.599559 7fe1c6106700 1 -- 10.252.24.88:6789/0 <== mon.1 10.252.24.25:6789/0 8 ==== election(d6e91ff1-9b43-4972-b7a7-a22d84497d78 propose 3) v3 ==== 535+0+0 (2258607269 0 0) 0x1b19d80 con 0x1aa63c0 -144>
2012-11-21 16:15:28.599577 7fe1c6106700 5 mon.hotcpc12533@2(electing).elector(3) handle_propose from mon.1 -143>
2012-11-21 16:15:28.599581 7fe1c6106700 5 mon.hotcpc12533@2(electing).elector(3) defer to 1 -142>
2012-11-21 16:15:28.599585 7fe1c6106700 1 -- 10.252.24.88:6789/0 --> mon.1 10.252.24.25:6789/0 -- election(d6e91ff1-9b43-4972-b7a7-a22d84497d78 ack 3) v3 -- ?+0 0x1e1e000 -141>
2012-11-21 16:15:28.599597 7fe1c6106700 5 throttle(msgr_dispatch_throttler-mon 0x1a3e488) put 535 (0x8c7448 -> 0) -140>
2012-11-21 16:15:28.706135 7fe1cbe41700 2 -- 10.252.24.88:6789/0 >> 10.252.58.31:6800/18530 pipe(0x1b19240 sd=17 :6789 pgs=1143 cs=1 l=1).reader couldn't read tag, Success -139>
2012-11-21 16:15:28.706154 7fe1cbe41700 2 -- 10.252.24.88:6789/0 >> 10.252.58.31:6800/18530 pipe(0x1b19240 sd=17 :6789 pgs=1143 cs=1 l=1).fault 0: Success -138>
2012-11-21 16:15:28.717403 7fe1c4f02700 5 throttle(msgr_dispatch_throttler-mon 0x1a3e488) get 535 (0 -> 535) -137>
2012-11-21 16:15:28.717481 7fe1c6106700 1 -- 10.252.24.88:6789/0 <== mon.0 10.97.4.84:6789/0 25 ==== election(d6e91ff1-9b43-4972-b7a7-a22d84497d78 propose 3) v3 ==== 535+0+0 (2258607269 0 0) 0x1e09240 con 0x1aa6640 -136>
2012-11-21 16:15:28.717502 7fe1c6106700 5 mon.hotcpc12533@2(electing).elector(3) handle_propose from mon.0 -135>
2012-11-21 16:15:28.717507 7fe1c6106700 5 mon.hotcpc12533@2(electing).elector(3) defer to 0 -134>
2012-11-21 16:15:28.717512 7fe1c6106700 1 -- 10.252.24.88:6789/0 --> mon.0 10.97.4.84:6789/0 -- election(d6e91ff1-9b43-4972-b7a7-a22d84497d78 ack 3) v3 -- ?+0 0x1b19d80 -133>
2012-11-21 16:15:28.717541 7fe1c6106700 5 throttle(msgr_dispatch_throttler-mon 0x1a3e488) put 535 (0x8c7448 -> 0) -132>
2012-11-21 16:15:29.230745 7fe1c4e01700 2 -- 10.252.24.88:6789/0 >> 10.252.24.25:6801/20153 pipe(0x1b196c0 sd=19 :6789 pgs=12742483 cs=1 l=1).reader couldn't read tag, Success -131>
2012-11-21 16:15:29.230770 7fe1c4e01700 2 -- 10.252.24.88:6789/0 >> 10.252.24.25:6801/20153 pipe(0x1b196c0 sd=19 :6789 pgs=12742483 cs=1 l=1).fault 0: Success -130>
2012-11-21 16:15:30.727098 7fe1c4f02700 5 throttle(msgr_dispatch_throttler-mon 0x1a3e488) get 547 (0 -> 547) -129>
2012-11-21 16:15:30.727144 7fe1c6106700 1 -- 10.252.24.88:6789/0 <== mon.0 10.97.4.84:6789/0 26 ==== election(d6e91ff1-9b43-4972-b7a7-a22d84497d78 victory 4) v3 ==== 547+0+0 (3489522884 0 0) 0x1e09000 con 0x1aa6640 -128>
2012-11-21 16:15:30.727171 7fe1c6106700 5 mon.hotcpc12533@2(electing).elector(3) handle_victory from mon.0 quorum_features 0 -127>
2012-11-21 16:15:30.728706 7fe1c4f02700 5 throttle(msgr_dispatch_throttler-mon 0x1a3e488) get 88 (547 -> 635) -126>
2012-11-21 16:15:30.730752 7fe1c4f02700 5 throttle(msgr_dispatch_throttler-mon 0x1a3e488) get 88 (635 -> 723) -125>
2012-11-21 16:15:30.732933 7fe1c4f02700 5 throttle(msgr_dispatch_throttler-mon 0x1a3e488) get 88 (723 -> 811) -124>
2012-11-21 16:15:30.734436 7fe1c4f02700 5 throttle(msgr_dispatch_throttler-mon 0x1a3e488) get 88 (811 -> 899) -123>
2012-11-21 16:15:30.736126 7fe1c4f02700 5 throttle(msgr_dispatch_throttler-mon 0x1a3e488) get 88 (899 -> 987) -122>
2012-11-21 16:15:30.737823 7fe1c4f02700 5 throttle(msgr_dispatch_throttler-mon 0x1a3e488) get 88 (987 -> 1075) -121>
2012-11-21 16:15:30.771071 7fe1c6106700 5 throttle(msgr_dispatch_throttler-mon 0x1a3e488) put 547 (0x8c7448 -> 528) -120>
2012-11-21 16:15:30.771078 7fe1c6106700 1 -- 10.252.24.88:6789/0 <== mon.0 10.97.4.84:6789/0 27 ==== paxos(pgmap collect lc 1708 fc 1208 pn 2800 opn 0 gv {}) v2 ==== 88+0+0 (3452001863 0 0) 0x1df7280 con 0x1aa6640 -119>
2012-11-21 16:15:30.796384 7fe1c6106700 1 -- 10.252.24.88:6789/0 --> mon.0 10.97.4.84:6789/0 -- paxos(pgmap last lc 1708 fc 1208 pn 2800 opn 0 gv {}) v2 -- ?+0 0x1df7500 -118>
2012-11-21 16:15:30.796401 7fe1c6106700 5 throttle(msgr_dispatch_throttler-mon 0x1a3e488) put 88 (0x8c7448 -> 440) -117>
2012-11-21 16:15:30.796405 7fe1c6106700 1 -- 10.252.24.88:6789/0 <== mon.0 10.97.4.84:6789/0 28 ==== paxos(mdsmap collect lc 32 fc 1 pn 2800 opn 0 gv {}) v2 ==== 88+0+0 (3026547734 0 0) 0x1df7000 con 0x1aa6640 -116>
2012-11-21 16:15:30.797669 7fe1c4f02700 5 throttle(msgr_dispatch_throttler-mon 0x1a3e488) get 88 (440 -> 528) -115>
2012-11-21 16:15:30.820402 7fe1c6106700 1 -- 10.252.24.88:6789/0 --> mon.0 10.97.4.84:6789/0 -- paxos(mdsmap last lc 32 fc 1 pn 2800 opn 0 gv {}) v2 -- ?+0 0x1df7280 -114>
2012-11-21 16:15:30.820418 7fe1c6106700 5 throttle(msgr_dispatch_throttler-mon 0x1a3e488) put 88 (0x8c7448 -> 440) -113>
2012-11-21 16:15:30.820422 7fe1c6106700 1 -- 10.252.24.88:6789/0 <== mon.0 10.97.4.84:6789/0 29 ==== paxos(osdmap collect lc 776 fc 276 pn 2800 opn 0 gv {}) v2 ==== 88+0+0 (4279126309 0 0) 0x1df7780 con 0x1aa6640 -112>
2012-11-21 16:15:30.821621 7fe1c4f02700 5 throttle(msgr_dispatch_throttler-mon 0x1a3e488) get 88 (440 -> 528) -111>
2012-11-21 16:15:30.845735 7fe1c6106700 1 -- 10.252.24.88:6789/0 --> mon.0 10.97.4.84:6789/0 -- paxos(osdmap last lc 776 fc 276 pn 2800 opn 0 gv {}) v2 -- ?+0 0x1df7000 -110>
2012-11-21 16:15:30.845751 7fe1c6106700 5 throttle(msgr_dispatch_throttler-mon 0x1a3e488) put 88 (0x8c7448 -> 440) -109>
2012-11-21 16:15:30.845756 7fe1c6106700 1 -- 10.252.24.88:6789/0 <== mon.0 10.97.4.84:6789/0 30 ==== paxos(logm collect lc 2444 fc 1944 pn 2800 opn 0 gv {}) v2 ==== 88+0+0 (3407609024 0 0) 0x1df7a00 con 0x1aa6640 -108>
2012-11-21 16:15:30.846907 7fe1c4f02700 5 throttle(msgr_dispatch_throttler-mon 0x1a3e488) get 88 (440 -> 528) -107>
2012-11-21 16:15:30.871055 7fe1c6106700 1 -- 10.252.24.88:6789/0 --> mon.0 10.97.4.84:6789/0 -- paxos(logm last lc 2444 fc 1943 pn 2800 opn 0 gv {}) v2 -- ?+0 0x1df7780 -106>
2012-11-21 16:15:30.871071 7fe1c6106700 5 throttle(msgr_dispatch_throttler-mon 0x1a3e488) put 88 (0x8c7448 -> 440) -105>
2012-11-21 16:15:30.871074 7fe1c6106700 1 -- 10.252.24.88:6789/0 <== mon.0 10.97.4.84:6789/0 31 ==== paxos(monmap collect lc 3 fc 1 pn 2800 opn 0 gv {}) v2 ==== 88+0+0 (3462869507 0 0) 0x1e1fc80 con 0x1aa6640 -104>
2012-11-21 16:15:30.872124 7fe1c4f02700 5 throttle(msgr_dispatch_throttler-mon 0x1a3e488) get 88 (440 -> 528) -103>
2012-11-21 16:15:30.896402 7fe1c6106700 1 -- 10.252.24.88:6789/0 --> mon.0 10.97.4.84:6789/0 -- paxos(monmap last lc 3 fc 1 pn 2800 opn 0 gv {}) v2 -- ?+0 0x1df7a00 -102>
2012-11-21 16:15:30.896417 7fe1c6106700 5 throttle(msgr_dispatch_throttler-mon 0x1a3e488) put 88 (0x8c7448 -> 440) -101>
2012-11-21 16:15:30.896421 7fe1c6106700 1 -- 10.252.24.88:6789/0 <== mon.0 10.97.4.84:6789/0 32 ==== paxos(auth collect lc 200 fc 180 pn 2800 opn 0 gv {}) v2 ==== 88+0+0 (2219655717 0 0) 0x1e1fa00 con 0x1aa6640 -100>
2012-11-21 16:15:30.897541 7fe1c4f02700 5 throttle(msgr_dispatch_throttler-mon 0x1a3e488) get 88 (440 -> 528) -99>
2012-11-21 16:15:30.921726 7fe1c6106700 1 -- 10.252.24.88:6789/0 --> mon.0 10.97.4.84:6789/0 -- paxos(auth last lc 200 fc 180 pn 2800 opn 0 gv {}) v2 -- ?+0 0x1e1fc80 -98>
2012-11-21 16:15:30.921742 7fe1c6106700 5 throttle(msgr_dispatch_throttler-mon 0x1a3e488) put 88 (0x8c7448 -> 440) -97>
2012-11-21 16:15:30.921746 7fe1c6106700 1 -- 10.252.24.88:6789/0 <== mon.0 10.97.4.84:6789/0 33 ==== paxos(pgmap lease lc 1708 fc 1208 pn 0 opn 0 gv {}) v2 ==== 88+0+0 (3526615299 0 0) 0x1df7500 con 0x1aa6640 -96>
2012-11-21 16:15:30.921762 7fe1c6106700 1 -- 10.252.24.88:6789/0 --> mon.0 10.97.4.84:6789/0 -- paxos(pgmap lease_ack lc 1708 fc 1208 pn 0 opn 0 gv {}) v2 -- ?+0 0x1e1fa00 -95>
2012-11-21 16:15:30.921772 7fe1c6106700 1 mon.hotcpc12533@2(peon).paxos(pgmap active c 1208..1708) is_readable now=2012-11-21 16:15:30.921772 lease_expire=2012-11-21 16:15:35.796906 has v0 lc 1708 -94>
2012-11-21 16:15:30.921781 7fe1c6106700 5 throttle(msgr_dispatch_throttler-mon 0x1a3e488) put 88 (0x8c7448 -> 352) -93>
2012-11-21 16:15:30.921782 7fe1c6106700 1 -- 10.252.24.88:6789/0 <== mon.0 10.97.4.84:6789/0 34 ==== paxos(mdsmap lease lc 32 fc 1 pn 0 opn 0 gv {}) v2 ==== 88+0+0 (775920738 0 0) 0x1df7280 con 0x1aa6640 -92>
2012-11-21 16:15:30.921789 7fe1c6106700 1 -- 10.252.24.88:6789/0 --> mon.0 10.97.4.84:6789/0 -- paxos(mdsmap lease_ack lc 32 fc 1 pn 0 opn 0 gv {}) v2 -- ?+0 0x1df7500 -91>
2012-11-21 16:15:30.921796 7fe1c6106700 1 mon.hotcpc12533@2(peon).paxos(mdsmap active c 1..32) is_readable now=2012-11-21 16:15:30.921796 lease_expire=2012-11-21 16:15:35.820800 has v0 lc 32 -90>
2012-11-21 16:15:30.921800 7fe1c6106700 5 throttle(msgr_dispatch_throttler-mon 0x1a3e488) put 88 (0x8c7448 -> 264) -89>
2012-11-21 16:15:30.921802 7fe1c6106700 1 -- 10.252.24.88:6789/0 <== mon.0 10.97.4.84:6789/0 35 ==== paxos(osdmap lease lc 776 fc 276 pn 0 opn 0 gv {}) v2 ==== 88+0+0 (1579083274 0 0) 0x1df7000 con 0x1aa6640 -88>
2012-11-21 16:15:30.921808 7fe1c6106700 1 -- 10.252.24.88:6789/0 --> mon.0 10.97.4.84:6789/0 -- paxos(osdmap lease_ack lc 776 fc 276 pn 0 opn 0 gv {}) v2 -- ?+0 0x1df7280 -87>
2012-11-21 16:15:30.921815 7fe1c6106700 1 mon.hotcpc12533@2(peon).paxos(osdmap active c 276..776) is_readable now=2012-11-21 16:15:30.921817 lease_expire=2012-11-21 16:15:35.846159 has v0 lc 776 -86>
2012-11-21 16:15:30.921821 7fe1c6106700 5 throttle(msgr_dispatch_throttler-mon 0x1a3e488) put 88 (0x8c7448 -> 176) -85>
2012-11-21 16:15:30.921823 7fe1c6106700 1 -- 10.252.24.88:6789/0 <== mon.0 10.97.4.84:6789/0 36 ==== paxos(logm lease lc 2444 fc 1944 pn 0 opn 0 gv {}) v2 ==== 88+0+0 (160565564 0 0) 0x1df7780 con 0x1aa6640 -84>
2012-11-21 16:15:30.921829 7fe1c6106700 1 -- 10.252.24.88:6789/0 --> mon.0 10.97.4.84:6789/0 -- paxos(logm lease_ack lc 2444 fc 1943 pn 0 opn 0 gv {}) v2 -- ?+0 0x1df7000 -83>
2012-11-21 16:15:30.922661 7fe1c4f02700 5 throttle(msgr_dispatch_throttler-mon 0x1a3e488) get 88 (176 -> 264) -82>
2012-11-21 16:15:30.947049 7fe1c6106700 1 mon.hotcpc12533@2(peon).paxos(logm active c 1944..2444) is_readable now=2012-11-21 16:15:30.947051 lease_expire=2012-11-21 16:15:35.871549 has v0 lc 2444 -81>
2012-11-21 16:15:30.947060 7fe1c6106700 1 mon.hotcpc12533@2(peon).paxos(logm active c 1944..2444) is_readable now=2012-11-21 16:15:30.947060 lease_expire=2012-11-21 16:15:35.871549 has v0 lc 2444 -80>
2012-11-21 16:15:30.947072 7fe1c6106700 1 -- 10.252.24.88:6789/0 --> mon.0 10.97.4.84:6789/0 -- forward(log(1 entries) v1) to leader v1 -- ?+0 0x1a56600 -79>
2012-11-21 16:15:30.947084 7fe1c6106700 5 throttle(msgr_dispatch_throttler-mon 0x1a3e488) put 88 (0x8c7448 -> 176) -78>
2012-11-21 16:15:30.947095 7fe1c6106700 1 -- 10.252.24.88:6789/0 <== mon.0 10.97.4.84:6789/0 37 ==== paxos(monmap lease lc 3 fc 1 pn 0 opn 0 gv {}) v2 ==== 88+0+0 (1059485668 0 0) 0x1df7a00 con 0x1aa6640 -77>
2012-11-21 16:15:30.947106 7fe1c6106700 1 -- 10.252.24.88:6789/0 --> mon.0 10.97.4.84:6789/0 -- paxos(monmap lease_ack lc 3 fc 1 pn 0 opn 0 gv {}) v2 -- ?+0 0x1df7780 -76>
2012-11-21 16:15:30.947113 7fe1c6106700 1 mon.hotcpc12533@2(peon).paxos(monmap active c 1..3) is_readable now=2012-11-21 16:15:30.947113 lease_expire=2012-11-21 16:15:35.896909 has v0 lc 3 -75>
2012-11-21 16:15:30.947118 7fe1c6106700 5 throttle(msgr_dispatch_throttler-mon 0x1a3e488) put 88 (0x8c7448 -> 88) -74>
2012-11-21 16:15:30.947121 7fe1c6106700 1 -- 10.252.24.88:6789/0 <== mon.0 10.97.4.84:6789/0 38 ==== paxos(auth lease lc 200 fc 180 pn 0 opn 0 gv {}) v2 ==== 88+0+0 (166684254 0 0) 0x1df7000 con 0x1aa6640 -73>
2012-11-21 16:15:30.947127 7fe1c6106700 1 -- 10.252.24.88:6789/0 --> mon.0 10.97.4.84:6789/0 -- paxos(auth lease_ack lc 200 fc 180 pn 0 opn 0 gv {}) v2 -- ?+0 0x1df7a00 -72>
2012-11-21 16:15:30.947135 7fe1c6106700 1 mon.hotcpc12533@2(peon).paxos(auth active c 180..200) is_readable now=2012-11-21 16:15:30.947135 lease_expire=2012-11-21 16:15:35.922181 has v0 lc 200 -71>
2012-11-21 16:15:30.947141 7fe1c6106700 5 throttle(msgr_dispatch_throttler-mon 0x1a3e488) put 88 (0x8c7448 -> 0) -70>
2012-11-21 16:15:31.093581 7fe1c4f02700 5 throttle(msgr_dispatch_throttler-mon 0x1a3e488) get 2005 (0 -> 2005) -69>
2012-11-21 16:15:31.093675 7fe1c6106700 1 -- 10.252.24.88:6789/0 <== mon.0 10.97.4.84:6789/0 39 ==== paxos(logm begin lc 2444 fc 0 pn 2800 opn 0 gv {2445=5164}) v2 ==== 2005+0+0 (1888568355 0 0) 0x1df7a00 con 0x1aa6640 -68>
2012-11-21 16:15:31.101992 7fe1c4f02700 5 throttle(msgr_dispatch_throttler-mon 0x1a3e488) get 2005 (2005 -> 4010) -67>
2012-11-21 16:15:31.147565 7fe1c6106700 1 -- 10.252.24.88:6789/0 --> mon.0 10.97.4.84:6789/0 -- paxos(logm accept lc 2444 fc 0 pn 2800 opn 0 gv {}) v2 -- ?+0 0x1df7000 -66>
2012-11-21 16:15:31.147583 7fe1c6106700 5 throttle(msgr_dispatch_throttler-mon 0x1a3e488) put 2005 (0x8c7448 -> 2005) -65>
2012-11-21 16:15:31.147587 7fe1c6106700 1 -- 10.252.24.88:6789/0 <== mon.0 10.97.4.84:6789/0 40 ==== paxos(logm commit lc 2445 fc 0 pn 2800 opn 0 gv {2445=5164}) v2 ==== 2005+0+0 (2973902635 0 0) 0x1df7780 con 0x1aa6640 -64>
2012-11-21 16:15:31.149104 7fe1c4f02700 5 throttle(msgr_dispatch_throttler-mon 0x1a3e488) get 88 (2005 -> 2093) -63>
2012-11-21 16:15:31.156988 7fe1c4f02700 5 throttle(msgr_dispatch_throttler-mon 0x1a3e488) get 256 (2093 -> 2349) -62>
2012-11-21 16:15:31.247579 7fe1c6106700 5 throttle(msgr_dispatch_throttler-mon 0x1a3e488) put 2005 (0x8c7448 -> 344) -61>
2012-11-21 16:15:31.247587 7fe1c6106700 1 -- 10.252.24.88:6789/0 <== mon.0 10.97.4.84:6789/0 41 ==== paxos(logm lease lc 2445 fc 1944 pn 0 opn 0 gv {}) v2 ==== 88+0+0 (3581293197 0 0) 0x1df7000 con 0x1aa6640 -60>
2012-11-21 16:15:31.247597 7fe1c6106700 1 -- 10.252.24.88:6789/0 --> mon.0 10.97.4.84:6789/0 -- paxos(logm lease_ack lc 2445 fc 1944 pn 0 opn 0 gv {}) v2 -- ?+0 0x1df7780 -59>
2012-11-21 16:15:31.247607 7fe1c6106700 1 mon.hotcpc12533@2(peon).paxos(logm active c 1944..2445) is_readable now=2012-11-21 16:15:31.247608 lease_expire=2012-11-21 16:15:36.148055 has v0 lc 2445 -58>
2012-11-21 16:15:31.272907 7fe1c6106700 5 throttle(msgr_dispatch_throttler-mon 0x1a3e488) put 88 (0x8c7448 -> 256) -57>
2012-11-21 16:15:31.272916 7fe1c6106700 1 -- 10.252.24.88:6789/0 <== mon.0 10.97.4.84:6789/0 42 ==== route(log(last 2) v1 tid 2) v2 ==== 256+0+0 (1087320034 0 0) 0x1b19900 con 0x1aa6640 -56>
2012-11-21 16:15:31.272926 7fe1c6106700 1 -- 10.252.24.88:6789/0 --> mon.2 10.252.24.88:6789/0 -- log(last 2) v1 -- ?+0 0x1a808c0 -55>
2012-11-21 16:15:31.272934 7fe1c6106700 5 throttle(msgr_dispatch_throttler-mon 0x1a3e488) put 256 (0x8c7448 -> 0) -54>
2012-11-21 16:15:31.272936 7fe1c6106700 1 -- 10.252.24.88:6789/0 <== mon.2 10.252.24.88:6789/0 0 ==== log(last 2) v1 ==== 0+0+0 (3283343644 0 0) 0x1a808c0 con 0x1a35280 -53>
2012-11-21 16:15:31.511493 7fe1c4f02700 5 throttle(msgr_dispatch_throttler-mon 0x1a3e488) get 765 (0 -> 765) -52>
2012-11-21 16:15:31.511580 7fe1c6106700 1 -- 10.252.24.88:6789/0 <== mon.0 10.97.4.84:6789/0 43 ==== paxos(auth begin lc 200 fc 0 pn 2800 opn 0 gv {201=5165}) v2 ==== 765+0+0 (2551402244 0 0) 0x1df7780 con 0x1aa6640 -51>
2012-11-21 16:15:31.521879 7fe1c4f02700 5 throttle(msgr_dispatch_throttler-mon 0x1a3e488) get 765 (765 -> 1530) -50>
2012-11-21 16:15:31.565972 7fe1c6106700 1 -- 10.252.24.88:6789/0 --> mon.0 10.97.4.84:6789/0 -- paxos(auth accept lc 200 fc 0 pn 2800 opn 0 gv {}) v2 -- ?+0 0x1df7000 -49>
2012-11-21 16:15:31.565990 7fe1c6106700 5 throttle(msgr_dispatch_throttler-mon 0x1a3e488) put 765 (0x8c7448 -> 765) -48>
2012-11-21 16:15:31.565994 7fe1c6106700 1 -- 10.252.24.88:6789/0 <== mon.0 10.97.4.84:6789/0 44 ==== paxos(auth commit lc 201 fc 0 pn 2800 opn 0 gv {201=5165}) v2 ==== 765+0+0 (3308580024 0 0) 0x1df7280 con 0x1aa6640 -47>
2012-11-21 16:15:31.567560 7fe1c4f02700 5 throttle(msgr_dispatch_throttler-mon 0x1a3e488) get 88 (765 -> 853) -46>
2012-11-21 16:15:31.663748 7fe1c6106700 5 throttle(msgr_dispatch_throttler-mon 0x1a3e488) put 765 (0x8c7448 -> 88) -45>
2012-11-21 16:15:31.663756 7fe1c6106700 1 -- 10.252.24.88:6789/0 <== mon.0 10.97.4.84:6789/0 45 ==== paxos(auth lease lc 201 fc 180 pn 0 opn 0 gv {}) v2 ==== 88+0+0 (1917883457 0 0) 0x1df7000 con 0x1aa6640 -44>
2012-11-21 16:15:31.663767 7fe1c6106700 1 -- 10.252.24.88:6789/0 --> mon.0 10.97.4.84:6789/0 -- paxos(auth lease_ack lc 201 fc 180 pn 0 opn 0 gv {}) v2 -- ?+0 0x1df7280 -43>
2012-11-21 16:15:31.663778 7fe1c6106700 1 mon.hotcpc12533@2(peon).paxos(auth active c 180..201) is_readable now=2012-11-21 16:15:31.663778 lease_expire=2012-11-21 16:15:36.566462 has v0 lc 201 -42>
2012-11-21 16:15:31.688525 7fe1c6106700 5 throttle(msgr_dispatch_throttler-mon 0x1a3e488) put 88 (0x8c7448 -> 0) -41>
2012-11-21 16:15:32.219730 7fe1c4f02700 5 throttle(msgr_dispatch_throttler-mon 0x1a3e488) get 135 (0 -> 135) -40>
2012-11-21 16:15:32.219784 7fe1c6106700 1 -- 10.252.24.88:6789/0 <== mon.0 10.97.4.84:6789/0 46 ==== paxos(auth begin lc 201 fc 0 pn 2800 opn 0 gv {202=5166}) v2 ==== 135+0+0 (1358172798 0 0) 0x1df7280 con 0x1aa6640 -39>
2012-11-21 16:15:32.229102 7fe1c4f02700 5 throttle(msgr_dispatch_throttler-mon 0x1a3e488) get 135 (135 -> 270) -38>
2012-11-21 16:15:32.270884 7fe1c6106700 1 -- 10.252.24.88:6789/0 --> mon.0 10.97.4.84:6789/0 -- paxos(auth accept lc 201 fc 0 pn 2800 opn 0 gv {}) v2 -- ?+0 0x1df7000 -37>
2012-11-21 16:15:32.270918 7fe1c6106700 5 throttle(msgr_dispatch_throttler-mon 0x1a3e488) put 135 (0x8c7448 -> 135) -36>
2012-11-21 16:15:32.270923 7fe1c6106700 1 -- 10.252.24.88:6789/0 <== mon.0 10.97.4.84:6789/0 47 ==== paxos(auth commit lc 202 fc 0 pn 2800 opn 0 gv {202=5166}) v2 ==== 135+0+0 (3142648958 0 0) 0x1df7500 con 0x1aa6640 -35>
2012-11-21 16:15:32.272819 7fe1c4f02700 5 throttle(msgr_dispatch_throttler-mon 0x1a3e488) get 88 (135 -> 223) -34>
2012-11-21 16:15:32.282557 7fe1c4afe700 2 -- 10.252.24.88:6789/0 >> 10.252.24.25:6789/0 pipe(0x1e09d80 sd=21 :6789 pgs=4 cs=1 l=0).reader couldn't read tag, Success -33>
2012-11-21 16:15:32.282580 7fe1c4afe700 2 -- 10.252.24.88:6789/0 >> 10.252.24.25:6789/0 pipe(0x1e09d80 sd=21 :6789 pgs=4 cs=1 l=0).fault 0: Success -32>
2012-11-21 16:15:32.282595 7fe1c4afe700 0 -- 10.252.24.88:6789/0 >> 10.252.24.25:6789/0 pipe(0x1e09d80 sd=21 :6789 pgs=4 cs=1 l=0).fault with nothing to send, going to standby -31>
2012-11-21 16:15:32.282825 7fe1c4e01700 1 -- 10.252.24.88:6789/0 >> :/0 pipe(0x1e09b40 sd=17 :6789 pgs=0 cs=0 l=0).accept sd=17 -30>
2012-11-21 16:15:32.282919 7fe1c4e01700 5 throttle(mon_client_bytes 0x7fffdb1de5f0) get 60 (0 -> 60) -29>
2012-11-21 16:15:32.282926 7fe1c4e01700 5 throttle(msgr_dispatch_throttler-mon 0x1a3e488) get 60 (223 -> 283) -28>
2012-11-21 16:15:32.368640 7fe1c6106700 5 throttle(msgr_dispatch_throttler-mon 0x1a3e488) put 135 (0x8c7448 -> 148) -27>
2012-11-21 16:15:32.368660 7fe1c6106700 1 -- 10.252.24.88:6789/0 <== mon.0 10.97.4.84:6789/0 48 ==== paxos(auth lease lc 202 fc 181 pn 0 opn 0 gv {}) v2 ==== 88+0+0 (2270952541 0 0) 0x1df7000 con 0x1aa6640 -26>
2012-11-21 16:15:32.368673 7fe1c6106700 1 -- 10.252.24.88:6789/0 --> mon.0 10.97.4.84:6789/0 -- paxos(auth lease_ack lc 202 fc 180 pn 0 opn 0 gv {}) v2 -- ?+0 0x1df7500 -25>
2012-11-21 16:15:32.393438 7fe1c6106700 1 mon.hotcpc12533@2(peon).paxos(auth active c 181..202) is_readable now=2012-11-21 16:15:32.393440 lease_expire=2012-11-21 16:15:37.271396 has v0 lc 202 -24>
2012-11-21 16:15:32.416875 7fe1c6106700 5 throttle(msgr_dispatch_throttler-mon 0x1a3e488) put 88 (0x8c7448 -> 60) -23>
2012-11-21 16:15:32.416883 7fe1c6106700 1 -- 10.252.24.88:6789/0 <== client.? 10.252.24.88:0/17185 1 ==== auth(proto 0 30 bytes epoch 3) v1 ==== 60+0+0 (700203682 0 0) 0x1df8a00 con 0x1de6c80 -22>
2012-11-21 16:15:32.416894 7fe1c6106700 1 mon.hotcpc12533@2(peon).paxos(auth active c 181..202) is_readable now=2012-11-21 16:15:32.416894 lease_expire=2012-11-21 16:15:37.271396 has v0 lc 202 -21>
2012-11-21 16:15:32.416916 7fe1c6106700 1 -- 10.252.24.88:6789/0 --> 10.252.24.88:0/17185 -- auth_reply(proto 2 0 Success) v1 -- ?+0 0x1de2e00 con 0x1de6c80 -20>
2012-11-21 16:15:32.416927 7fe1c6106700 5 throttle(mon_client_bytes 0x7fffdb1de5f0) put 60 (0x8c7448 -> 0) -19>
2012-11-21 16:15:32.416929 7fe1c6106700 5 throttle(msgr_dispatch_throttler-mon 0x1a3e488) put 60 (0x8c7448 -> 0) -18>
2012-11-21 16:15:32.417267 7fe1c4e01700 5 throttle(mon_client_bytes 0x7fffdb1de5f0) get 158 (0 -> 158) -17>
2012-11-21 16:15:32.417276 7fe1c4e01700 5 throttle(msgr_dispatch_throttler-mon 0x1a3e488) get 158 (0 -> 158) -16>
2012-11-21 16:15:32.417301 7fe1c6106700 1 -- 10.252.24.88:6789/0 <== client.? 10.252.24.88:0/17185 2 ==== auth(proto 2 128 bytes epoch 0) v1 ==== 158+0+0 (3998015610 0 0) 0x1df8c00 con 0x1de6c80 -15>
2012-11-21 16:15:32.417314 7fe1c6106700 1 mon.hotcpc12533@2(peon).paxos(auth active c 181..202) is_readable now=2012-11-21 16:15:32.417314 lease_expire=2012-11-21 16:15:37.271396 has v0 lc 202 -14>
2012-11-21 16:15:32.417438 7fe1c6106700 1 -- 10.252.24.88:6789/0 --> 10.252.24.88:0/17185 -- auth_reply(proto 2 0 Success) v1 -- ?+0 0x1df8a00 con 0x1de6c80 -13>
2012-11-21 16:15:32.417448 7fe1c6106700 5 throttle(mon_client_bytes 0x7fffdb1de5f0) put 158 (0x8c7448 -> 0) -12>
2012-11-21 16:15:32.417451 7fe1c6106700 5 throttle(msgr_dispatch_throttler-mon 0x1a3e488) put 158 (0x8c7448 -> 0) -11>
2012-11-21 16:15:32.417697 7fe1c4e01700 5 throttle(mon_client_bytes 0x7fffdb1de5f0) get 23 (0 -> 23) -10>
2012-11-21 16:15:32.417712 7fe1c4e01700 5 throttle(msgr_dispatch_throttler-mon 0x1a3e488) get 23 (0 -> 23) -9>
2012-11-21 16:15:32.417736 7fe1c4e01700 5 throttle(mon_client_bytes 0x7fffdb1de5f0) get 75 (23 -> 98) -8>
2012-11-21 16:15:32.417739 7fe1c4e01700 5 throttle(msgr_dispatch_throttler-mon 0x1a3e488) get 75 (23 -> 98) -7>
2012-11-21 16:15:32.417738 7fe1c6106700 1 -- 10.252.24.88:6789/0 <== client.? 10.252.24.88:0/17185 3 ==== mon_subscribe({monmap=4+}) v2 ==== 23+0+0 (3193407737 0 0) 0x1a7f1c0 con 0x1de6c80 -6>
2012-11-21 16:15:32.417752 7fe1c6106700 1 -- 10.252.24.88:6789/0 --> client.? 10.252.24.88:0/17185 -- mon_subscribe_ack(300s) v1 -- ?+0 0x1a80700 -5>
2012-11-21 16:15:32.417759 7fe1c6106700 5 throttle(mon_client_bytes 0x7fffdb1de5f0) put 23 (0x8c7448 -> 75) -4>
2012-11-21 16:15:32.417762 7fe1c6106700 5 throttle(msgr_dispatch_throttler-mon 0x1a3e488) put 23 (0x8c7448 -> 75) -3>
2012-11-21 16:15:32.417764 7fe1c6106700 1 -- 10.252.24.88:6789/0 <== client.? 10.252.24.88:0/17185 4 ==== mon_command(pg map 10000000005.00000000 v 0) v1 ==== 75+0+0 (3885788949 0 0) 0x1a808c0 con 0x1de6c80 -2>
2012-11-21 16:15:32.417773 7fe1c6106700 0 mon.hotcpc12533@2(peon) e3 handle_command mon_command(pg map 10000000005.00000000 v 0) v1 -1>
2012-11-21 16:15:32.417777 7fe1c6106700 1 mon.hotcpc12533@2(peon).paxos(pgmap active c 1208..1708) is_readable now=2012-11-21 16:15:32.417777 lease_expire=2012-11-21 16:15:35.796906 has v0 lc 1708 0>
2012-11-21 16:15:32.418312 7fe1c6106700 -1 ./osd/OSDMap.h: In function 'pg_t OSDMap::raw_pg_to_pg(pg_t) const' thread 7fe1c6106700 time
2012-11-21 16:15:32.417811 ./osd/OSDMap.h: 486: FAILED assert(pools.count(pg.pool())) ceph version 0.54 (commit:60b84b095b1009a305d4d6a5b16f88571cbd3150) 1: (PGMonitor::preprocess_command(MMonCommand*)+0x13c1) [0x4f0271] 2: (PGMonitor::preprocess_query(PaxosServiceMessage*)+0x1f0) [0x4f06e0] 3: (PaxosService::dispatch(PaxosServiceMessage*)+0x155) [0x49e7b5] 4: (Monitor::handle_command(MMonCommand*)+0x56a) [0x470b2a] 5: (Monitor::_ms_dispatch(Message*)+0x105b) [0x48290b] 6: (Monitor::ms_dispatch(Message*)+0x32) [0x492572] 7: (DispatchQueue::entry()+0x6b1) [0x636ed1] 8: (DispatchQueue::DispatchThread::entry()+0xd) [0x5cfb4d] 9: (()+0x7e9a) [0x7fe1cb4e9e9a] 10: (clone()+0x6d) [0x7fe1ca38acbd] NOTE: a copy of the executable, or `objdump -rdS ` is needed to interpret this. --- logging levels --- 0/ 5 none 0/ 5 lockdep 0/ 5 context 1/ 5 crush 1/ 5 mds 1/ 5 mds_balancer 1/ 5 mds_locker 1/ 5 mds_log 1/ 5 mds_log_expire 1/ 5 mds_migrator 0/ 0 buffer 0/ 5 timer 0/ 5 filer 0/ 0 objecter 0/ 5 rados 0/ 5 rbd 0/ 5 journaler 0/ 5 objectcacher 0/ 5 client 0/ 5 osd 0/ 5 optracker 0/ 5 objclass 1/ 5 filestore 1/ 5 journal 0/ 5 ms 1/ 5 mon 0/ 5 monc 0/ 5 paxos 0/ 5 tp 1/ 5 auth 1/ 5 finisher 1/ 5 heartbeatmap 1/ 5 perfcounter 1/ 5 rgw 1/ 5 hadoop 1/ 5 asok 1/ 5 throttle -2/-2 (syslog threshold) 99/99 (stderr threshold) max_recent 10000 max_new 1000000 log_file --- end dump of recent events --- terminate called after throwing an instance of 'ceph::FailedAssertion' *** Caught signal (Aborted) ** in thread 7fe1c6106700 ceph version 0.54 (commit:60b84b095b1009a305d4d6a5b16f88571cbd3150) 1: /usr/bin/ceph-mon() [0x53206a] 2: (()+0xfcb0) [0x7fe1cb4f1cb0] 3: (gsignal()+0x35) [0x7fe1ca2cd425] 4: (abort()+0x17b) [0x7fe1ca2d0b8b] 5: (__gnu_cxx::__verbose_terminate_handler()+0x11d) [0x7fe1cac1f69d] 6: (()+0xb5846) [0x7fe1cac1d846] 7: (()+0xb5873) [0x7fe1cac1d873] 8: (()+0xb596e) [0x7fe1cac1d96e] 9: (ceph::__ceph_assert_fail(char const*, char const*, int, char const*)+0x1df) [0x5e05ef] 10: (PGMonitor::preprocess_command(MMonCommand*)+0x13c1) [0x4f0271] 11: (PGMonitor::preprocess_query(PaxosServiceMessage*)+0x1f0) [0x4f06e0] 12: (PaxosService::dispatch(PaxosServiceMessage*)+0x155) [0x49e7b5] 13: (Monitor::handle_command(MMonCommand*)+0x56a) [0x470b2a] 14: (Monitor::_ms_dispatch(Message*)+0x105b) [0x48290b] 15: (Monitor::ms_dispatch(Message*)+0x32) [0x492572] 16: (DispatchQueue::entry()+0x6b1) [0x636ed1] 17: (DispatchQueue::DispatchThread::entry()+0xd) [0x5cfb4d] 18: (()+0x7e9a) [0x7fe1cb4e9e9a] 19: (clone()+0x6d) [0x7fe1ca38acbd]
2012-11-21 16:15:32.473279 7fe1c6106700 -1 *** Caught signal (Aborted) ** in thread 7fe1c6106700 ceph version 0.54 (commit:60b84b095b1009a305d4d6a5b16f88571cbd3150) 1: /usr/bin/ceph-mon() [0x53206a] 2: (()+0xfcb0) [0x7fe1cb4f1cb0] 3: (gsignal()+0x35) [0x7fe1ca2cd425] 4: (abort()+0x17b) [0x7fe1ca2d0b8b] 5: (__gnu_cxx::__verbose_terminate_handler()+0x11d) [0x7fe1cac1f69d] 6: (()+0xb5846) [0x7fe1cac1d846] 7: (()+0xb5873) [0x7fe1cac1d873] 8: (()+0xb596e) [0x7fe1cac1d96e] 9: (ceph::__ceph_assert_fail(char const*, char const*, int, char const*)+0x1df) [0x5e05ef] 10: (PGMonitor::preprocess_command(MMonCommand*)+0x13c1) [0x4f0271] 11: (PGMonitor::preprocess_query(PaxosServiceMessage*)+0x1f0) [0x4f06e0] 12: (PaxosService::dispatch(PaxosServiceMessage*)+0x155) [0x49e7b5] 13: (Monitor::handle_command(MMonCommand*)+0x56a) [0x470b2a] 14: (Monitor::_ms_dispatch(Message*)+0x105b) [0x48290b] 15: (Monitor::ms_dispatch(Message*)+0x32) [0x492572] 16: (DispatchQueue::entry()+0x6b1) [0x636ed1] 17: (DispatchQueue::DispatchThread::entry()+0xd) [0x5cfb4d] 18: (()+0x7e9a) [0x7fe1cb4e9e9a] 19: (clone()+0x6d) [0x7fe1ca38acbd] NOTE: a copy of the executable, or `objdump -rdS ` is needed to interpret this. --- begin dump of recent events --- 0>
2012-11-21 16:15:32.473279 7fe1c6106700 -1 *** Caught signal (Aborted) ** in thread 7fe1c6106700 ceph version 0.54 (commit:60b84b095b1009a305d4d6a5b16f88571cbd3150) 1: /usr/bin/ceph-mon() [0x53206a] 2: (()+0xfcb0) [0x7fe1cb4f1cb0] 3: (gsignal()+0x35) [0x7fe1ca2cd425] 4: (abort()+0x17b) [0x7fe1ca2d0b8b] 5: (__gnu_cxx::__verbose_terminate_handler()+0x11d) [0x7fe1cac1f69d] 6: (()+0xb5846) [0x7fe1cac1d846] 7: (()+0xb5873) [0x7fe1cac1d873] 8: (()+0xb596e) [0x7fe1cac1d96e] 9: (ceph::__ceph_assert_fail(char const*, char const*, int, char const*)+0x1df) [0x5e05ef] 10: (PGMonitor::preprocess_command(MMonCommand*)+0x13c1) [0x4f0271] 11: (PGMonitor::preprocess_query(PaxosServiceMessage*)+0x1f0) [0x4f06e0] 12: (PaxosService::dispatch(PaxosServiceMessage*)+0x155) [0x49e7b5] 13: (Monitor::handle_command(MMonCommand*)+0x56a) [0x470b2a] 14: (Monitor::_ms_dispatch(Message*)+0x105b) [0x48290b] 15: (Monitor::ms_dispatch(Message*)+0x32) [0x492572] 16: (DispatchQueue::entry()+0x6b1) [0x636ed1] 17: (DispatchQueue::DispatchThread::entry()+0xd) [0x5cfb4d] 18: (()+0x7e9a) [0x7fe1cb4e9e9a] 19: (clone()+0x6d) [0x7fe1ca38acbd] NOTE: a copy of the executable, or `objdump -rdS ` is needed to interpret this. --- logging levels --- 0/ 5 none 0/ 5 lockdep 0/ 5 context 1/ 5 crush 1/ 5 mds 1/ 5 mds_balancer 1/ 5 mds_locker 1/ 5 mds_log 1/ 5 mds_log_expire 1/ 5 mds_migrator 0/ 0 buffer 0/ 5 timer 0/ 5 filer 0/ 0 objecter 0/ 5 rados 0/ 5 rbd 0/ 5 journaler 0/ 5 objectcacher 0/ 5 client 0/ 5 osd 0/ 5 optracker 0/ 5 objclass 1/ 5 filestore 1/ 5 journal 0/ 5 ms 1/ 5 mon 0/ 5 monc 0/ 5 paxos 0/ 5 tp 1/ 5 auth 1/ 5 finisher 1/ 5 heartbeatmap 1/ 5 perfcounter 1/ 5 rgw 1/ 5 hadoop 1/ 5 asok 1/ 5 throttle -2/-2 (syslog threshold) 99/99 (stderr threshold) max_recent 10000 max_new 1000000 log_file --- end dump of recent events ---