2012-11-21 16:15:30.733763 7f7071ed6700 1 -- 10.97.4.84:6789/0 --> mon.2 10.252.24.88:6789/0 -- paxos(logm collect lc 2444 fc 1944 pn 2800 opn 0 gv {}) v2 -- ?+0 0x2df7780 -286>
2012-11-21 16:15:30.734116 7f70706cc700 5 throttle(msgr_dispatch_throttler-mon 0x2a76488) get 88 (711 -> 799) -285>
2012-11-21 16:15:30.735529 7f7071ed6700 1 -- 10.97.4.84:6789/0 --> mon.1 10.252.24.25:6789/0 -- paxos(monmap collect lc 3 fc 1 pn 2800 opn 0 gv {}) v2 -- ?+0 0x2df7500 -284>
2012-11-21 16:15:30.735544 7f7071ed6700 1 -- 10.97.4.84:6789/0 --> mon.2 10.252.24.88:6789/0 -- paxos(monmap collect lc 3 fc 1 pn 2800 opn 0 gv {}) v2 -- ?+0 0x2df7280 -283>
2012-11-21 16:15:30.735660 7f70706cc700 5 throttle(msgr_dispatch_throttler-mon 0x2a76488) get 88 (799 -> 887) -282>
2012-11-21 16:15:30.737227 7f7071ed6700 1 -- 10.97.4.84:6789/0 --> mon.1 10.252.24.25:6789/0 -- paxos(auth collect lc 200 fc 180 pn 2800 opn 0 gv {}) v2 -- ?+0 0x2df7000 -281>
2012-11-21 16:15:30.737267 7f7071ed6700 1 -- 10.97.4.84:6789/0 --> mon.2 10.252.24.88:6789/0 -- paxos(auth collect lc 200 fc 180 pn 2800 opn 0 gv {}) v2 -- ?+0 0x2dfdc80 -280>
2012-11-21 16:15:30.737301 7f7071ed6700 1 mon.ldhfmi02@0(leader).paxos(auth recovering c 180..200) is_readable now=2012-11-21 16:15:30.737302 lease_expire=0.000000 has v0 lc 200 -279>
2012-11-21 16:15:30.737343 7f7071ed6700 5 throttle(msgr_dispatch_throttler-mon 0x2a76488) put 535 (0x8b8988 -> 352) -278>
2012-11-21 16:15:30.737351 7f7071ed6700 1 -- 10.97.4.84:6789/0 <== mon.0 10.97.4.84:6789/0 0 ==== log(1 entries) v1 ==== 0+0+0 (0 0 0) 0x2b2bc00 con 0x2a6e280 -277>
2012-11-21 16:15:30.737362 7f7071ed6700 1 mon.ldhfmi02@0(leader).paxos(logm recovering c 1944..2444) is_readable now=2012-11-21 16:15:30.737362 lease_expire=0.000000 has v0 lc 2444 -276>
2012-11-21 16:15:30.737369 7f7071ed6700 1 -- 10.97.4.84:6789/0 <== mon.1 10.252.24.25:6789/0 6 ==== paxos(pgmap last lc 1708 fc 1208 pn 2800 opn 0 gv {}) v2 ==== 88+0+0 (401348621 0 0) 0x2b52a00 con 0x2ad9640 -275>
2012-11-21 16:15:30.737380 7f7071ed6700 5 throttle(msgr_dispatch_throttler-mon 0x2a76488) put 88 (0x8b8988 -> 264) -274>
2012-11-21 16:15:30.737385 7f7071ed6700 1 -- 10.97.4.84:6789/0 <== mon.1 10.252.24.25:6789/0 7 ==== paxos(mdsmap last lc 32 fc 1 pn 2800 opn 0 gv {}) v2 ==== 88+0+0 (1596078401 0 0) 0x2b52280 con 0x2ad9640 -273>
2012-11-21 16:15:30.737394 7f7071ed6700 5 throttle(msgr_dispatch_throttler-mon 0x2a76488) put 88 (0x8b8988 -> 176) -272>
2012-11-21 16:15:30.737398 7f7071ed6700 1 -- 10.97.4.84:6789/0 <== mon.1 10.252.24.25:6789/0 8 ==== paxos(osdmap last lc 776 fc 276 pn 2800 opn 0 gv {}) v2 ==== 88+0+0 (301288311 0 0) 0x2b52c80 con 0x2ad9640 -271>
2012-11-21 16:15:30.737413 7f7071ed6700 5 throttle(msgr_dispatch_throttler-mon 0x2a76488) put 88 (0x8b8988 -> 88) -270>
2012-11-21 16:15:30.737418 7f7071ed6700 1 -- 10.97.4.84:6789/0 <== mon.1 10.252.24.25:6789/0 9 ==== paxos(logm last lc 2443 fc 1943 pn 2800 opn 0 gv {}) v2 ==== 88+0+0 (2504904113 0 0) 0x2df7a00 con 0x2ad9640 -269>
2012-11-21 16:15:30.737429 7f7071ed6700 5 throttle(msgr_dispatch_throttler-mon 0x2a76488) put 88 (0x8b8988 -> 0) -268>
2012-11-21 16:15:30.737441 7f70706cc700 5 throttle(msgr_dispatch_throttler-mon 0x2a76488) get 88 (0 -> 88) -267>
2012-11-21 16:15:30.737459 7f7071ed6700 1 -- 10.97.4.84:6789/0 <== mon.1 10.252.24.25:6789/0 10 ==== paxos(monmap last lc 3 fc 1 pn 2800 opn 0 gv {}) v2 ==== 88+0+0 (92626348 0 0) 0x2df7500 con 0x2ad9640 -266>
2012-11-21 16:15:30.737470 7f7071ed6700 5 throttle(msgr_dispatch_throttler-mon 0x2a76488) put 88 (0x8b8988 -> 0) -265>
2012-11-21 16:15:30.738907 7f70706cc700 5 throttle(msgr_dispatch_throttler-mon 0x2a76488) get 88 (0 -> 88) -264>
2012-11-21 16:15:30.738931 7f7071ed6700 1 -- 10.97.4.84:6789/0 <== mon.1 10.252.24.25:6789/0 11 ==== paxos(auth last lc 200 fc 179 pn 2800 opn 0 gv {}) v2 ==== 88+0+0 (128290639 0 0) 0x2df7000 con 0x2ad9640 -263>
2012-11-21 16:15:30.738945 7f7071ed6700 5 throttle(msgr_dispatch_throttler-mon 0x2a76488) put 88 (0x8b8988 -> 0) -262>
2012-11-21 16:15:30.796821 7f7070bd1700 5 throttle(msgr_dispatch_throttler-mon 0x2a76488) get 88 (0 -> 88) -261>
2012-11-21 16:15:30.796878 7f7071ed6700 1 -- 10.97.4.84:6789/0 <== mon.2 10.252.24.88:6789/0 26 ==== paxos(pgmap last lc 1708 fc 1208 pn 2800 opn 0 gv {}) v2 ==== 88+0+0 (888266124 0 0) 0x2dfdc80 con 0x2ad93c0 -260>
2012-11-21 16:15:30.796909 7f7071ed6700 1 -- 10.97.4.84:6789/0 --> mon.1 10.252.24.25:6789/0 -- paxos(pgmap lease lc 1708 fc 1208 pn 0 opn 0 gv {}) v2 -- ?+0 0x2df7000 -259>
2012-11-21 16:15:30.796945 7f7071ed6700 1 -- 10.97.4.84:6789/0 --> mon.2 10.252.24.88:6789/0 -- paxos(pgmap lease lc 1708 fc 1208 pn 0 opn 0 gv {}) v2 -- ?+0 0x2df7500 -258>
2012-11-21 16:15:30.796972 7f7071ed6700 5 throttle(msgr_dispatch_throttler-mon 0x2a76488) put 88 (0x8b8988 -> 0) -257>
2012-11-21 16:15:30.797895 7f70706cc700 5 throttle(msgr_dispatch_throttler-mon 0x2a76488) get 88 (0 -> 88) -256>
2012-11-21 16:15:30.797920 7f7071ed6700 1 -- 10.97.4.84:6789/0 <== mon.1 10.252.24.25:6789/0 12 ==== paxos(pgmap lease_ack lc 1708 fc 1208 pn 0 opn 0 gv {}) v2 ==== 88+0+0 (2376454763 0 0) 0x2df7000 con 0x2ad9640 -255>
2012-11-21 16:15:30.797936 7f7071ed6700 5 throttle(msgr_dispatch_throttler-mon 0x2a76488) put 88 (0x8b8988 -> 0) -254>
2012-11-21 16:15:30.820752 7f7070bd1700 5 throttle(msgr_dispatch_throttler-mon 0x2a76488) get 88 (0 -> 88) -253>
2012-11-21 16:15:30.820782 7f7071ed6700 1 -- 10.97.4.84:6789/0 <== mon.2 10.252.24.88:6789/0 27 ==== paxos(mdsmap last lc 32 fc 1 pn 2800 opn 0 gv {}) v2 ==== 88+0+0 (114251843 0 0) 0x2df7500 con 0x2ad93c0 -252>
2012-11-21 16:15:30.820801 7f7071ed6700 1 -- 10.97.4.84:6789/0 --> mon.1 10.252.24.25:6789/0 -- paxos(mdsmap lease lc 32 fc 1 pn 0 opn 0 gv {}) v2 -- ?+0 0x2df7000 -251>
2012-11-21 16:15:30.820831 7f7071ed6700 1 -- 10.97.4.84:6789/0 --> mon.2 10.252.24.88:6789/0 -- paxos(mdsmap lease lc 32 fc 1 pn 0 opn 0 gv {}) v2 -- ?+0 0x2dfdc80 -250>
2012-11-21 16:15:30.820857 7f7071ed6700 5 throttle(msgr_dispatch_throttler-mon 0x2a76488) put 88 (0x8b8988 -> 0) -249>
2012-11-21 16:15:30.821886 7f70706cc700 5 throttle(msgr_dispatch_throttler-mon 0x2a76488) get 88 (0 -> 88) -248>
2012-11-21 16:15:30.821911 7f7071ed6700 1 -- 10.97.4.84:6789/0 <== mon.1 10.252.24.25:6789/0 13 ==== paxos(mdsmap lease_ack lc 32 fc 1 pn 0 opn 0 gv {}) v2 ==== 88+0+0 (2947858679 0 0) 0x2df7000 con 0x2ad9640 -247>
2012-11-21 16:15:30.821927 7f7071ed6700 5 throttle(msgr_dispatch_throttler-mon 0x2a76488) put 88 (0x8b8988 -> 0) -246>
2012-11-21 16:15:30.846103 7f7070bd1700 5 throttle(msgr_dispatch_throttler-mon 0x2a76488) get 88 (0 -> 88) -245>
2012-11-21 16:15:30.846137 7f7071ed6700 1 -- 10.97.4.84:6789/0 <== mon.2 10.252.24.88:6789/0 28 ==== paxos(osdmap last lc 776 fc 276 pn 2800 opn 0 gv {}) v2 ==== 88+0+0 (1288350641 0 0) 0x2dfdc80 con 0x2ad93c0 -244>
2012-11-21 16:15:30.846160 7f7071ed6700 1 -- 10.97.4.84:6789/0 --> mon.1 10.252.24.25:6789/0 -- paxos(osdmap lease lc 776 fc 276 pn 0 opn 0 gv {}) v2 -- ?+0 0x2df7000 -243>
2012-11-21 16:15:30.846188 7f7071ed6700 1 -- 10.97.4.84:6789/0 --> mon.2 10.252.24.88:6789/0 -- paxos(osdmap lease lc 776 fc 276 pn 0 opn 0 gv {}) v2 -- ?+0 0x2df7500 -242>
2012-11-21 16:15:30.846213 7f7071ed6700 5 throttle(msgr_dispatch_throttler-mon 0x2a76488) put 88 (0x8b8988 -> 0) -241>
2012-11-21 16:15:30.847188 7f70706cc700 5 throttle(msgr_dispatch_throttler-mon 0x2a76488) get 88 (0 -> 88) -240>
2012-11-21 16:15:30.847221 7f7071ed6700 1 -- 10.97.4.84:6789/0 <== mon.1 10.252.24.25:6789/0 14 ==== paxos(osdmap lease_ack lc 776 fc 276 pn 0 opn 0 gv {}) v2 ==== 88+0+0 (466192171 0 0) 0x2df7000 con 0x2ad9640 -239>
2012-11-21 16:15:30.847242 7f7071ed6700 5 throttle(msgr_dispatch_throttler-mon 0x2a76488) put 88 (0x8b8988 -> 0) -238>
2012-11-21 16:15:30.871401 7f7070bd1700 5 throttle(msgr_dispatch_throttler-mon 0x2a76488) get 88 (0 -> 88) -237>
2012-11-21 16:15:30.871427 7f7071ed6700 1 -- 10.97.4.84:6789/0 <== mon.2 10.252.24.88:6789/0 29 ==== paxos(logm last lc 2444 fc 1943 pn 2800 opn 0 gv {}) v2 ==== 88+0+0 (869935783 0 0) 0x2df7500 con 0x2ad93c0 -236>
2012-11-21 16:15:30.871511 7f7071ed6700 1 -- 10.97.4.84:6789/0 --> mon.1 10.252.24.25:6789/0 -- paxos(logm commit lc 2444 fc 0 pn 0 opn 0 gv {2444=5163}) v2 -- ?+0 0x2df7000 -235>
2012-11-21 16:15:30.871551 7f7071ed6700 1 -- 10.97.4.84:6789/0 --> mon.1 10.252.24.25:6789/0 -- paxos(logm lease lc 2444 fc 1944 pn 0 opn 0 gv {}) v2 -- ?+0 0x2dfdc80 -234>
2012-11-21 16:15:30.871576 7f7071ed6700 1 -- 10.97.4.84:6789/0 --> mon.2 10.252.24.88:6789/0 -- paxos(logm lease lc 2444 fc 1944 pn 0 opn 0 gv {}) v2 -- ?+0 0x2dfd780 -233>
2012-11-21 16:15:30.871601 7f7071ed6700 5 throttle(msgr_dispatch_throttler-mon 0x2a76488) put 88 (0x8b8988 -> 0) -232>
2012-11-21 16:15:30.876364 7f70706cc700 5 throttle(msgr_dispatch_throttler-mon 0x2a76488) get 88 (0 -> 88) -231>
2012-11-21 16:15:30.876402 7f7071ed6700 1 -- 10.97.4.84:6789/0 <== mon.1 10.252.24.25:6789/0 15 ==== paxos(logm lease_ack lc 2444 fc 1943 pn 0 opn 0 gv {}) v2 ==== 88+0+0 (2432482327 0 0) 0x2dfda00 con 0x2ad9640 -230>
2012-11-21 16:15:30.876420 7f7071ed6700 5 throttle(msgr_dispatch_throttler-mon 0x2a76488) put 88 (0x8b8988 -> 0) -229>
2012-11-21 16:15:30.878404 7f70706cc700 5 throttle(msgr_dispatch_throttler-mon 0x2a76488) get 524 (0 -> 524) -228>
2012-11-21 16:15:30.878441 7f7071ed6700 1 -- 10.97.4.84:6789/0 <== mon.1 10.252.24.25:6789/0 16 ==== forward(log(1 entries) v1) to leader v1 ==== 524+0+0 (3459506518 0 0) 0x2a8e080 con 0x2ad9640 -227>
2012-11-21 16:15:30.878457 7f7071ed6700 1 mon.ldhfmi02@0(leader).paxos(logm active c 1944..2444) is_readable now=2012-11-21 16:15:30.878458 lease_expire=2012-11-21 16:15:35.871549 has v0 lc 2444 -226>
2012-11-21 16:15:30.878484 7f7071ed6700 5 throttle(msgr_dispatch_throttler-mon 0x2a76488) put 524 (0x8b8988 -> 0) -225>
2012-11-21 16:15:30.878502 7f70706cc700 5 throttle(msgr_dispatch_throttler-mon 0x2a76488) get 524 (0 -> 524) -224>
2012-11-21 16:15:30.878526 7f7071ed6700 1 -- 10.97.4.84:6789/0 <== mon.1 10.252.24.25:6789/0 17 ==== forward(log(1 entries) v1) to leader v1 ==== 524+0+0 (2631418196 0 0) 0x2a8ddc0 con 0x2ad9640 -223>
2012-11-21 16:15:30.878540 7f7071ed6700 1 mon.ldhfmi02@0(leader).paxos(logm active c 1944..2444) is_readable now=2012-11-21 16:15:30.878541 lease_expire=2012-11-21 16:15:35.871549 has v0 lc 2444 -222>
2012-11-21 16:15:30.878552 7f7071ed6700 5 throttle(msgr_dispatch_throttler-mon 0x2a76488) put 524 (0x8b8988 -> 0) -221>
2012-11-21 16:15:30.896845 7f7070bd1700 5 throttle(msgr_dispatch_throttler-mon 0x2a76488) get 88 (0 -> 88) -220>
2012-11-21 16:15:30.896885 7f7071ed6700 1 -- 10.97.4.84:6789/0 <== mon.2 10.252.24.88:6789/0 30 ==== paxos(monmap last lc 3 fc 1 pn 2800 opn 0 gv {}) v2 ==== 88+0+0 (3007726736 0 0) 0x2dfd780 con 0x2ad93c0 -219>
2012-11-21 16:15:30.896910 7f7071ed6700 1 -- 10.97.4.84:6789/0 --> mon.1 10.252.24.25:6789/0 -- paxos(monmap lease lc 3 fc 1 pn 0 opn 0 gv {}) v2 -- ?+0 0x2dfda00 -218>
2012-11-21 16:15:30.896940 7f7071ed6700 1 -- 10.97.4.84:6789/0 --> mon.2 10.252.24.88:6789/0 -- paxos(monmap lease lc 3 fc 1 pn 0 opn 0 gv {}) v2 -- ?+0 0x2df7500 -217>
2012-11-21 16:15:30.896970 7f7071ed6700 5 throttle(msgr_dispatch_throttler-mon 0x2a76488) put 88 (0x8b8988 -> 0) -216>
2012-11-21 16:15:30.897763 7f70706cc700 5 throttle(msgr_dispatch_throttler-mon 0x2a76488) get 88 (0 -> 88) -215>
2012-11-21 16:15:30.897805 7f7071ed6700 1 -- 10.97.4.84:6789/0 <== mon.1 10.252.24.25:6789/0 18 ==== paxos(monmap lease_ack lc 3 fc 1 pn 0 opn 0 gv {}) v2 ==== 88+0+0 (978178080 0 0) 0x2dfda00 con 0x2ad9640 -214>
2012-11-21 16:15:30.897829 7f7071ed6700 5 throttle(msgr_dispatch_throttler-mon 0x2a76488) put 88 (0x8b8988 -> 0) -213>
2012-11-21 16:15:30.922102 7f7070bd1700 5 throttle(msgr_dispatch_throttler-mon 0x2a76488) get 88 (0 -> 88) -212>
2012-11-21 16:15:30.922121 7f7070bd1700 5 throttle(msgr_dispatch_throttler-mon 0x2a76488) get 88 (88 -> 176) -211>
2012-11-21 16:15:30.922128 7f7070bd1700 5 throttle(msgr_dispatch_throttler-mon 0x2a76488) get 88 (176 -> 264) -210>
2012-11-21 16:15:30.922136 7f7070bd1700 5 throttle(msgr_dispatch_throttler-mon 0x2a76488) get 88 (264 -> 352) -209>
2012-11-21 16:15:30.922142 7f7070bd1700 5 throttle(msgr_dispatch_throttler-mon 0x2a76488) get 88 (352 -> 440) -208>
2012-11-21 16:15:30.922158 7f7071ed6700 1 -- 10.97.4.84:6789/0 <== mon.2 10.252.24.88:6789/0 31 ==== paxos(auth last lc 200 fc 180 pn 2800 opn 0 gv {}) v2 ==== 88+0+0 (1741245297 0 0) 0x2df7500 con 0x2ad93c0 -207>
2012-11-21 16:15:30.922182 7f7071ed6700 1 -- 10.97.4.84:6789/0 --> mon.1 10.252.24.25:6789/0 -- paxos(auth lease lc 200 fc 180 pn 0 opn 0 gv {}) v2 -- ?+0 0x2dfda00 -206>
2012-11-21 16:15:30.922213 7f7071ed6700 1 -- 10.97.4.84:6789/0 --> mon.2 10.252.24.88:6789/0 -- paxos(auth lease lc 200 fc 180 pn 0 opn 0 gv {}) v2 -- ?+0 0x2dfd780 -205>
2012-11-21 16:15:30.922263 7f7071ed6700 0 log [INF] : pgmap v1708: 192 pgs: 50 active+clean, 140 active+remapped, 2 active+clean+scrubbing; 1000 MB data, 5177 MB used, 457 GB / 464 GB avail -204>
2012-11-21 16:15:30.922344 7f7071ed6700 1 -- 10.97.4.84:6789/0 --> mon.0 10.97.4.84:6789/0 -- log(2 entries) v1 -- ?+0 0x2b2b200 -203>
2012-11-21 16:15:30.922374 7f7071ed6700 0 log [INF] : mdsmap e32: 1/1/1 up {0=hotcpc12533=up:active} -202>
2012-11-21 16:15:30.922394 7f7071ed6700 1 -- 10.97.4.84:6789/0 --> mon.0 10.97.4.84:6789/0 -- log(2 entries) v1 -- ?+0 0x2b2be00 -201>
2012-11-21 16:15:30.922919 7f7071ed6700 0 log [INF] : osdmap e776: 3 osds: 3 up, 3 in -200>
2012-11-21 16:15:30.922947 7f7071ed6700 1 -- 10.97.4.84:6789/0 --> mon.0 10.97.4.84:6789/0 -- log(2 entries) v1 -- ?+0 0x2b51e00 -199>
2012-11-21 16:15:30.922973 7f7071ed6700 0 log [INF] : monmap e3: 3 mons at {hotcpc12533=10.252.24.88:6789/0,hotcpc9039=10.252.24.25:6789/0,ldhfmi02=10.97.4.84:6789/0} -198>
2012-11-21 16:15:30.922993 7f7071ed6700 1 -- 10.97.4.84:6789/0 --> mon.0 10.97.4.84:6789/0 -- log(2 entries) v1 -- ?+0 0x2b51c00 -197>
2012-11-21 16:15:30.923008 7f7071ed6700 1 mon.ldhfmi02@0(leader).paxos(logm active c 1944..2444) is_readable now=2012-11-21 16:15:30.923009 lease_expire=2012-11-21 16:15:35.871549 has v0 lc 2444 -196>
2012-11-21 16:15:30.923049 7f7071ed6700 1 mon.ldhfmi02@0(leader).paxos(logm active c 1944..2444) is_readable now=2012-11-21 16:15:30.923050 lease_expire=2012-11-21 16:15:35.871549 has v0 lc 2444 -195>
2012-11-21 16:15:30.923063 7f7071ed6700 1 mon.ldhfmi02@0(leader).paxos(auth active c 180..200) is_readable now=2012-11-21 16:15:30.923064 lease_expire=2012-11-21 16:15:35.922181 has v0 lc 200 -194>
2012-11-21 16:15:30.923097 7f7071ed6700 1 -- 10.97.4.84:6789/0 --> 10.252.58.31:6800/18530 -- auth_reply(proto 2 0 Success) v1 -- ?+0 0x2b2bc00 con 0x2b1e640 -193>
2012-11-21 16:15:30.923151 7f7071ed6700 5 throttle(mon_daemon_bytes 0x7fff76f54250) put 56 (0x8b8988 -> 0) -192>
2012-11-21 16:15:30.923160 7f7071ed6700 1 mon.ldhfmi02@0(leader).paxos(logm active c 1944..2444) is_readable now=2012-11-21 16:15:30.923162 lease_expire=2012-11-21 16:15:35.871549 has v0 lc 2444 -191>
2012-11-21 16:15:30.923175 7f7071ed6700 1 mon.ldhfmi02@0(leader).paxos(logm active c 1944..2444) is_readable now=2012-11-21 16:15:30.923176 lease_expire=2012-11-21 16:15:35.871549 has v0 lc 2444 -190>
2012-11-21 16:15:30.923192 7f7071ed6700 5 throttle(msgr_dispatch_throttler-mon 0x2a76488) put 88 (0x8b8988 -> 352) -189>
2012-11-21 16:15:30.923197 7f7071ed6700 1 -- 10.97.4.84:6789/0 <== mon.2 10.252.24.88:6789/0 32 ==== paxos(pgmap lease_ack lc 1708 fc 1208 pn 0 opn 0 gv {}) v2 ==== 88+0+0 (15101005 0 0) 0x2df7280 con 0x2ad93c0 -188>
2012-11-21 16:15:30.923211 7f7071ed6700 5 throttle(msgr_dispatch_throttler-mon 0x2a76488) put 88 (0x8b8988 -> 264) -187>
2012-11-21 16:15:30.923216 7f7071ed6700 1 -- 10.97.4.84:6789/0 <== mon.0 10.97.4.84:6789/0 0 ==== log(2 entries) v1 ==== 0+0+0 (0 0 0) 0x2b2b200 con 0x2a6e280 -186>
2012-11-21 16:15:30.923225 7f7071ed6700 1 mon.ldhfmi02@0(leader).paxos(logm active c 1944..2444) is_readable now=2012-11-21 16:15:30.923225 lease_expire=2012-11-21 16:15:35.871549 has v0 lc 2444 -185>
2012-11-21 16:15:30.923255 7f7071ed6700 1 -- 10.97.4.84:6789/0 <== mon.2 10.252.24.88:6789/0 33 ==== paxos(mdsmap lease_ack lc 32 fc 1 pn 0 opn 0 gv {}) v2 ==== 88+0+0 (3027133626 0 0) 0x2df7780 con 0x2ad93c0 -184>
2012-11-21 16:15:30.923268 7f7071ed6700 5 throttle(msgr_dispatch_throttler-mon 0x2a76488) put 88 (0x8b8988 -> 176) -183>
2012-11-21 16:15:30.923273 7f7071ed6700 1 -- 10.97.4.84:6789/0 <== mon.0 10.97.4.84:6789/0 0 ==== log(2 entries) v1 ==== 0+0+0 (0 0 0) 0x2b2be00 con 0x2a6e280 -182>
2012-11-21 16:15:30.923281 7f7071ed6700 1 mon.ldhfmi02@0(leader).paxos(logm active c 1944..2444) is_readable now=2012-11-21 16:15:30.923282 lease_expire=2012-11-21 16:15:35.871549 has v0 lc 2444 -181>
2012-11-21 16:15:30.923312 7f7071ed6700 1 -- 10.97.4.84:6789/0 <== mon.2 10.252.24.88:6789/0 34 ==== paxos(osdmap lease_ack lc 776 fc 276 pn 0 opn 0 gv {}) v2 ==== 88+0+0 (1934020318 0 0) 0x2df7c80 con 0x2ad93c0 -180>
2012-11-21 16:15:30.923323 7f7071ed6700 5 throttle(msgr_dispatch_throttler-mon 0x2a76488) put 88 (0x8b8988 -> 88) -179>
2012-11-21 16:15:30.923329 7f7071ed6700 1 -- 10.97.4.84:6789/0 <== mon.0 10.97.4.84:6789/0 0 ==== log(2 entries) v1 ==== 0+0+0 (0 0 0) 0x2b51e00 con 0x2a6e280 -178>
2012-11-21 16:15:30.923338 7f7071ed6700 1 mon.ldhfmi02@0(leader).paxos(logm active c 1944..2444) is_readable now=2012-11-21 16:15:30.923338 lease_expire=2012-11-21 16:15:35.871549 has v0 lc 2444 -177>
2012-11-21 16:15:30.923368 7f7071ed6700 1 -- 10.97.4.84:6789/0 <== mon.2 10.252.24.88:6789/0 35 ==== paxos(logm lease_ack lc 2444 fc 1943 pn 0 opn 0 gv {}) v2 ==== 88+0+0 (912214905 0 0) 0x2df7a00 con 0x2ad93c0 -176>
2012-11-21 16:15:30.923379 7f7071ed6700 5 throttle(msgr_dispatch_throttler-mon 0x2a76488) put 88 (0x8b8988 -> 0) -175>
2012-11-21 16:15:30.923384 7f7071ed6700 1 -- 10.97.4.84:6789/0 <== mon.0 10.97.4.84:6789/0 0 ==== log(2 entries) v1 ==== 0+0+0 (0 0 0) 0x2b51c00 con 0x2a6e280 -174>
2012-11-21 16:15:30.923392 7f7071ed6700 1 mon.ldhfmi02@0(leader).paxos(logm active c 1944..2444) is_readable now=2012-11-21 16:15:30.923393 lease_expire=2012-11-21 16:15:35.871549 has v0 lc 2444 -173>
2012-11-21 16:15:30.923432 7f70706cc700 5 throttle(msgr_dispatch_throttler-mon 0x2a76488) get 88 (0 -> 88) -172>
2012-11-21 16:15:30.923455 7f7071ed6700 1 -- 10.97.4.84:6789/0 <== mon.1 10.252.24.25:6789/0 19 ==== paxos(auth lease_ack lc 200 fc 179 pn 0 opn 0 gv {}) v2 ==== 88+0+0 (3451220669 0 0) 0x2dfda00 con 0x2ad9640 -171>
2012-11-21 16:15:30.923469 7f7071ed6700 5 throttle(msgr_dispatch_throttler-mon 0x2a76488) put 88 (0x8b8988 -> 0) -170>
2012-11-21 16:15:30.924339 7f70705cb700 5 throttle(mon_daemon_bytes 0x7fff76f54250) get 158 (0 -> 158) -169>
2012-11-21 16:15:30.924348 7f70705cb700 5 throttle(msgr_dispatch_throttler-mon 0x2a76488) get 158 (0 -> 158) -168>
2012-11-21 16:15:30.924381 7f7071ed6700 1 -- 10.97.4.84:6789/0 <== osd.2 10.252.58.31:6800/18530 2 ==== auth(proto 2 128 bytes epoch 0) v1 ==== 158+0+0 (1761291510 0 0) 0x2e01200 con 0x2b1e640 -167>
2012-11-21 16:15:30.924396 7f7071ed6700 1 mon.ldhfmi02@0(leader).paxos(auth active c 180..200) is_readable now=2012-11-21 16:15:30.924397 lease_expire=2012-11-21 16:15:35.922181 has v0 lc 200 -166>
2012-11-21 16:15:30.924576 7f7071ed6700 1 -- 10.97.4.84:6789/0 --> 10.252.58.31:6800/18530 -- auth_reply(proto 2 0 Success) v1 -- ?+0 0x2adf800 con 0x2b1e640 -165>
2012-11-21 16:15:30.924612 7f7071ed6700 5 throttle(mon_daemon_bytes 0x7fff76f54250) put 158 (0x8b8988 -> 0) -164>
2012-11-21 16:15:30.924622 7f7071ed6700 5 throttle(msgr_dispatch_throttler-mon 0x2a76488) put 158 (0x8b8988 -> 0) -163>
2012-11-21 16:15:30.925302 7f70705cb700 5 throttle(mon_daemon_bytes 0x7fff76f54250) get 42 (0 -> 42) -162>
2012-11-21 16:15:30.925310 7f70705cb700 5 throttle(msgr_dispatch_throttler-mon 0x2a76488) get 42 (0 -> 42) -161>
2012-11-21 16:15:30.925331 7f7071ed6700 1 -- 10.97.4.84:6789/0 <== osd.2 10.252.58.31:6800/18530 3 ==== mon_subscribe({monmap=4+,osdmap=773}) v2 ==== 42+0+0 (1219124097 0 0) 0x2abac40 con 0x2b1e640 -160>
2012-11-21 16:15:30.925351 7f7071ed6700 5 mon.ldhfmi02@0(leader).osd e776 send_incremental [773..776] to osd.2 10.252.58.31:6800/18530 -159>
2012-11-21 16:15:30.925392 7f7071ed6700 1 -- 10.97.4.84:6789/0 --> osd.2 10.252.58.31:6800/18530 -- osd_map(773..776 src has 276..776) v3 -- ?+0 0x2e01200 -158>
2012-11-21 16:15:30.925432 7f7071ed6700 1 -- 10.97.4.84:6789/0 --> osd.2 10.252.58.31:6800/18530 -- mon_subscribe_ack(300s) v1 -- ?+0 0x2aba000 -157>
2012-11-21 16:15:30.925456 7f7071ed6700 5 throttle(mon_daemon_bytes 0x7fff76f54250) put 42 (0x8b8988 -> 0) -156>
2012-11-21 16:15:30.925463 7f7071ed6700 5 throttle(msgr_dispatch_throttler-mon 0x2a76488) put 42 (0x8b8988 -> 0) -155>
2012-11-21 16:15:30.947504 7f7070bd1700 5 throttle(msgr_dispatch_throttler-mon 0x2a76488) get 525 (0 -> 525) -154>
2012-11-21 16:15:30.947547 7f7070bd1700 5 throttle(msgr_dispatch_throttler-mon 0x2a76488) get 88 (525 -> 613) -153>
2012-11-21 16:15:30.947560 7f7070bd1700 5 throttle(msgr_dispatch_throttler-mon 0x2a76488) get 88 (613 -> 701) -152>
2012-11-21 16:15:30.948227 7f7071ed6700 1 -- 10.97.4.84:6789/0 <== mon.2 10.252.24.88:6789/0 36 ==== forward(log(1 entries) v1) to leader v1 ==== 525+0+0 (363961065 0 0) 0x2a8db00 con 0x2ad93c0 -151>
2012-11-21 16:15:30.948260 7f7071ed6700 1 mon.ldhfmi02@0(leader).paxos(logm active c 1944..2444) is_readable now=2012-11-21 16:15:30.948261 lease_expire=2012-11-21 16:15:35.871549 has v0 lc 2444 -150>
2012-11-21 16:15:30.948288 7f7071ed6700 5 throttle(msgr_dispatch_throttler-mon 0x2a76488) put 525 (0x8b8988 -> 176) -149>
2012-11-21 16:15:30.948297 7f7071ed6700 1 -- 10.97.4.84:6789/0 <== mon.2 10.252.24.88:6789/0 37 ==== paxos(monmap lease_ack lc 3 fc 1 pn 0 opn 0 gv {}) v2 ==== 88+0+0 (3117456758 0 0) 0x2dfd780 con 0x2ad93c0 -148>
2012-11-21 16:15:30.948320 7f7071ed6700 5 throttle(msgr_dispatch_throttler-mon 0x2a76488) put 88 (0x8b8988 -> 88) -147>
2012-11-21 16:15:30.948330 7f7071ed6700 1 -- 10.97.4.84:6789/0 <== mon.2 10.252.24.88:6789/0 38 ==== paxos(auth lease_ack lc 200 fc 180 pn 0 opn 0 gv {}) v2 ==== 88+0+0 (2497131613 0 0) 0x2e06000 con 0x2ad93c0 -146>
2012-11-21 16:15:30.948353 7f7071ed6700 5 throttle(msgr_dispatch_throttler-mon 0x2a76488) put 88 (0x8b8988 -> 0) -145>
2012-11-21 16:15:30.973233 7f70716d5700 5 mon.ldhfmi02@0(leader).paxos(logm active c 1944..2444) propose_new_value 2445 1889 bytes, gv 5164 -144>
2012-11-21 16:15:31.092496 7f70716d5700 1 -- 10.97.4.84:6789/0 --> mon.1 10.252.24.25:6789/0 -- paxos(logm begin lc 2444 fc 0 pn 2800 opn 0 gv {2445=5164}) v2 -- ?+0 0x2b2da00 -143>
2012-11-21 16:15:31.092546 7f70716d5700 1 -- 10.97.4.84:6789/0 --> mon.2 10.252.24.88:6789/0 -- paxos(logm begin lc 2444 fc 0 pn 2800 opn 0 gv {2445=5164}) v2 -- ?+0 0x2b2dc80 -142>
2012-11-21 16:15:31.095573 7f70706cc700 5 throttle(msgr_dispatch_throttler-mon 0x2a76488) get 88 (0 -> 88) -141>
2012-11-21 16:15:31.095633 7f7071ed6700 1 -- 10.97.4.84:6789/0 <== mon.1 10.252.24.25:6789/0 20 ==== paxos(logm accept lc 2444 fc 0 pn 2800 opn 0 gv {}) v2 ==== 88+0+0 (1182492761 0 0) 0x2b2da00 con 0x2ad9640 -140>
2012-11-21 16:15:31.100927 7f7071ed6700 1 -- 10.97.4.84:6789/0 --> mon.1 10.252.24.25:6789/0 -- paxos(logm commit lc 2445 fc 0 pn 2800 opn 0 gv {2445=5164}) v2 -- ?+0 0x2dfd780 -139>
2012-11-21 16:15:31.101012 7f7071ed6700 1 -- 10.97.4.84:6789/0 --> mon.2 10.252.24.88:6789/0 -- paxos(logm commit lc 2445 fc 0 pn 2800 opn 0 gv {2445=5164}) v2 -- ?+0 0x2dfda00 -138>
2012-11-21 16:15:31.101080 7f7071ed6700 5 throttle(msgr_dispatch_throttler-mon 0x2a76488) put 88 (0x8b8988 -> 0) -137>
2012-11-21 16:15:31.147967 7f7070bd1700 5 throttle(msgr_dispatch_throttler-mon 0x2a76488) get 88 (0 -> 88) -136>
2012-11-21 16:15:31.148021 7f7071ed6700 1 -- 10.97.4.84:6789/0 <== mon.2 10.252.24.88:6789/0 39 ==== paxos(logm accept lc 2444 fc 0 pn 2800 opn 0 gv {}) v2 ==== 88+0+0 (1659706812 0 0) 0x2dfda00 con 0x2ad93c0 -135>
2012-11-21 16:15:31.148057 7f7071ed6700 1 -- 10.97.4.84:6789/0 --> mon.1 10.252.24.25:6789/0 -- paxos(logm lease lc 2445 fc 1944 pn 0 opn 0 gv {}) v2 -- ?+0 0x2b2da00 -134>
2012-11-21 16:15:31.148107 7f7071ed6700 1 -- 10.97.4.84:6789/0 --> mon.2 10.252.24.88:6789/0 -- paxos(logm lease lc 2445 fc 1944 pn 0 opn 0 gv {}) v2 -- ?+0 0x2df7a00 -133>
2012-11-21 16:15:31.148849 7f70706cc700 5 throttle(msgr_dispatch_throttler-mon 0x2a76488) get 88 (88 -> 176) -132>
2012-11-21 16:15:31.156025 7f7071ed6700 1 -- 10.97.4.84:6789/0 --> 10.97.4.84:6789/0 -- log(last 7) v1 -- ?+0 0x2abac40 con 0x2a6e280 -131>
2012-11-21 16:15:31.156061 7f7071ed6700 1 -- 10.97.4.84:6789/0 --> 10.252.24.25:6789/0 -- route(log(last 1) v1 tid 1) v2 -- ?+0 0x2de4000 con 0x2ad9640 -130>
2012-11-21 16:15:31.156114 7f7071ed6700 1 -- 10.97.4.84:6789/0 --> 10.97.4.84:6789/0 -- log(last 8) v1 -- ?+0 0x2abb540 con 0x2a6e280 -129>
2012-11-21 16:15:31.156137 7f7071ed6700 1 -- 10.97.4.84:6789/0 --> 10.97.4.84:6789/0 -- log(last 9) v1 -- ?+0 0x2abbe00 con 0x2a6e280 -128>
2012-11-21 16:15:31.156152 7f7071ed6700 1 -- 10.97.4.84:6789/0 --> 10.97.4.84:6789/0 -- log(last 10) v1 -- ?+0 0x2abbc40 con 0x2a6e280 -127>
2012-11-21 16:15:31.156171 7f7071ed6700 1 -- 10.97.4.84:6789/0 --> 10.97.4.84:6789/0 -- log(last 11) v1 -- ?+0 0x2abba80 con 0x2a6e280 -126>
2012-11-21 16:15:31.156186 7f7071ed6700 1 -- 10.97.4.84:6789/0 --> 10.252.24.88:6789/0 -- route(log(last 2) v1 tid 2) v2 -- ?+0 0x2de46c0 con 0x2ad93c0 -125>
2012-11-21 16:15:31.156232 7f7071ed6700 5 throttle(msgr_dispatch_throttler-mon 0x2a76488) put 88 (0x8b8988 -> 88) -124>
2012-11-21 16:15:31.156244 7f7071ed6700 1 -- 10.97.4.84:6789/0 <== mon.1 10.252.24.25:6789/0 21 ==== paxos(logm lease_ack lc 2445 fc 1944 pn 0 opn 0 gv {}) v2 ==== 88+0+0 (3113459373 0 0) 0x2b2da00 con 0x2ad9640 -123>
2012-11-21 16:15:31.156268 7f7071ed6700 5 throttle(msgr_dispatch_throttler-mon 0x2a76488) put 88 (0x8b8988 -> 0) -122>
2012-11-21 16:15:31.156277 7f7071ed6700 1 -- 10.97.4.84:6789/0 <== mon.0 10.97.4.84:6789/0 0 ==== log(last 7) v1 ==== 0+0+0 (0 0 0) 0x2abac40 con 0x2a6e280 -121>
2012-11-21 16:15:31.156294 7f7071ed6700 1 -- 10.97.4.84:6789/0 <== mon.0 10.97.4.84:6789/0 0 ==== log(last 8) v1 ==== 0+0+0 (0 0 0) 0x2abb540 con 0x2a6e280 -120>
2012-11-21 16:15:31.156310 7f7071ed6700 1 -- 10.97.4.84:6789/0 <== mon.0 10.97.4.84:6789/0 0 ==== log(last 9) v1 ==== 0+0+0 (0 0 0) 0x2abbe00 con 0x2a6e280 -119>
2012-11-21 16:15:31.156325 7f7071ed6700 1 -- 10.97.4.84:6789/0 <== mon.0 10.97.4.84:6789/0 0 ==== log(last 10) v1 ==== 0+0+0 (0 0 0) 0x2abbc40 con 0x2a6e280 -118>
2012-11-21 16:15:31.156341 7f7071ed6700 1 -- 10.97.4.84:6789/0 <== mon.0 10.97.4.84:6789/0 0 ==== log(last 11) v1 ==== 0+0+0 (0 0 0) 0x2abba80 con 0x2a6e280 -117>
2012-11-21 16:15:31.248014 7f7070bd1700 5 throttle(msgr_dispatch_throttler-mon 0x2a76488) get 88 (0 -> 88) -116>
2012-11-21 16:15:31.248093 7f7071ed6700 1 -- 10.97.4.84:6789/0 <== mon.2 10.252.24.88:6789/0 40 ==== paxos(logm lease_ack lc 2445 fc 1944 pn 0 opn 0 gv {}) v2 ==== 88+0+0 (1600040501 0 0) 0x2df7a00 con 0x2ad93c0 -115>
2012-11-21 16:15:31.248153 7f7071ed6700 5 throttle(msgr_dispatch_throttler-mon 0x2a76488) put 88 (0x8b8988 -> 0) -114>
2012-11-21 16:15:31.400509 7f70716d5700 1 mon.ldhfmi02@0(leader).paxos(pgmap active c 1208..1708) is_readable now=2012-11-21 16:15:31.400522 lease_expire=2012-11-21 16:15:35.796906 has v0 lc 1708 -113>
2012-11-21 16:15:31.400549 7f70716d5700 1 mon.ldhfmi02@0(leader).paxos(pgmap active c 1208..1708) is_readable now=2012-11-21 16:15:31.400550 lease_expire=2012-11-21 16:15:35.796906 has v0 lc 1708 -112>
2012-11-21 16:15:31.400602 7f70716d5700 5 mon.ldhfmi02@0(leader).paxos(auth active c 180..200) propose_new_value 201 649 bytes, gv 5165 -111>
2012-11-21 16:15:31.510455 7f70716d5700 1 -- 10.97.4.84:6789/0 --> mon.1 10.252.24.25:6789/0 -- paxos(auth begin lc 200 fc 0 pn 2800 opn 0 gv {201=5165}) v2 -- ?+0 0x2b2d780 -110>
2012-11-21 16:15:31.510512 7f70716d5700 1 -- 10.97.4.84:6789/0 --> mon.2 10.252.24.88:6789/0 -- paxos(auth begin lc 200 fc 0 pn 2800 opn 0 gv {201=5165}) v2 -- ?+0 0x2b2d500 -109>
2012-11-21 16:15:31.513723 7f70706cc700 5 throttle(msgr_dispatch_throttler-mon 0x2a76488) get 88 (0 -> 88) -108>
2012-11-21 16:15:31.513777 7f7071ed6700 1 -- 10.97.4.84:6789/0 <== mon.1 10.252.24.25:6789/0 22 ==== paxos(auth accept lc 200 fc 0 pn 2800 opn 0 gv {}) v2 ==== 88+0+0 (2828698670 0 0) 0x2b2d780 con 0x2ad9640 -107>
2012-11-21 16:15:31.520641 7f7071ed6700 1 -- 10.97.4.84:6789/0 --> mon.1 10.252.24.25:6789/0 -- paxos(auth commit lc 201 fc 0 pn 2800 opn 0 gv {201=5165}) v2 -- ?+0 0x2df7a00 -106>
2012-11-21 16:15:31.520849 7f7071ed6700 1 -- 10.97.4.84:6789/0 --> mon.2 10.252.24.88:6789/0 -- paxos(auth commit lc 201 fc 0 pn 2800 opn 0 gv {201=5165}) v2 -- ?+0 0x2b2da00 -105>
2012-11-21 16:15:31.520945 7f7071ed6700 5 throttle(msgr_dispatch_throttler-mon 0x2a76488) put 88 (0x8b8988 -> 0) -104>
2012-11-21 16:15:31.566359 7f7070bd1700 5 throttle(msgr_dispatch_throttler-mon 0x2a76488) get 88 (0 -> 88) -103>
2012-11-21 16:15:31.566424 7f7071ed6700 1 -- 10.97.4.84:6789/0 <== mon.2 10.252.24.88:6789/0 41 ==== paxos(auth accept lc 200 fc 0 pn 2800 opn 0 gv {}) v2 ==== 88+0+0 (3031326636 0 0) 0x2dfd000 con 0x2ad93c0 -102>
2012-11-21 16:15:31.566464 7f7071ed6700 1 -- 10.97.4.84:6789/0 --> mon.1 10.252.24.25:6789/0 -- paxos(auth lease lc 201 fc 180 pn 0 opn 0 gv {}) v2 -- ?+0 0x2b2d780 -101>
2012-11-21 16:15:31.566512 7f7071ed6700 1 -- 10.97.4.84:6789/0 --> mon.2 10.252.24.88:6789/0 -- paxos(auth lease lc 201 fc 180 pn 0 opn 0 gv {}) v2 -- ?+0 0x2dfda00 -100>
2012-11-21 16:15:31.567899 7f70706cc700 5 throttle(msgr_dispatch_throttler-mon 0x2a76488) get 88 (88 -> 176) -99>
2012-11-21 16:15:31.570583 7f7071ed6700 5 throttle(msgr_dispatch_throttler-mon 0x2a76488) put 88 (0x8b8988 -> 88) -98>
2012-11-21 16:15:31.570607 7f7071ed6700 1 -- 10.97.4.84:6789/0 <== mon.1 10.252.24.25:6789/0 23 ==== paxos(auth lease_ack lc 201 fc 180 pn 0 opn 0 gv {}) v2 ==== 88+0+0 (2968445949 0 0) 0x2dfd280 con 0x2ad9640 -97>
2012-11-21 16:15:31.570636 7f7071ed6700 5 throttle(msgr_dispatch_throttler-mon 0x2a76488) put 88 (0x8b8988 -> 0) -96>
2012-11-21 16:15:31.664152 7f7070bd1700 5 throttle(msgr_dispatch_throttler-mon 0x2a76488) get 88 (0 -> 88) -95>
2012-11-21 16:15:31.664235 7f7071ed6700 1 -- 10.97.4.84:6789/0 <== mon.2 10.252.24.88:6789/0 42 ==== paxos(auth lease_ack lc 201 fc 180 pn 0 opn 0 gv {}) v2 ==== 88+0+0 (3060304900 0 0) 0x2dfda00 con 0x2ad93c0 -94>
2012-11-21 16:15:31.664283 7f7071ed6700 5 throttle(msgr_dispatch_throttler-mon 0x2a76488) put 88 (0x8b8988 -> 0) -93>
2012-11-21 16:15:32.105858 7f70706cc700 5 throttle(msgr_dispatch_throttler-mon 0x2a76488) get 26 (0 -> 26) -92>
2012-11-21 16:15:32.105925 7f7071ed6700 1 -- 10.97.4.84:6789/0 <== mon.1 10.252.24.25:6789/0 24 ==== global_id (6496) v1 ==== 26+0+0 (84759178 0 0) 0x2aba700 con 0x2ad9640 -91>
2012-11-21 16:15:32.105946 7f7071ed6700 1 mon.ldhfmi02@0(leader).paxos(auth active c 181..201) is_readable now=2012-11-21 16:15:32.105947 lease_expire=2012-11-21 16:15:36.566462 has v0 lc 201 -90>
2012-11-21 16:15:32.105965 7f7071ed6700 5 mon.ldhfmi02@0(leader).paxos(auth active c 181..201) propose_new_value 202 19 bytes, gv 5166 -89>
2012-11-21 16:15:32.219408 7f7071ed6700 1 -- 10.97.4.84:6789/0 --> mon.1 10.252.24.25:6789/0 -- paxos(auth begin lc 201 fc 0 pn 2800 opn 0 gv {202=5166}) v2 -- ?+0 0x2dfda00 -88>
2012-11-21 16:15:32.219460 7f7071ed6700 1 -- 10.97.4.84:6789/0 --> mon.2 10.252.24.88:6789/0 -- paxos(auth begin lc 201 fc 0 pn 2800 opn 0 gv {202=5166}) v2 -- ?+0 0x2dfd280 -87>
2012-11-21 16:15:32.219476 7f7071ed6700 5 throttle(msgr_dispatch_throttler-mon 0x2a76488) put 26 (0x8b8988 -> 0) -86>
2012-11-21 16:15:32.221827 7f70706cc700 5 throttle(msgr_dispatch_throttler-mon 0x2a76488) get 88 (0 -> 88) -85>
2012-11-21 16:15:32.221865 7f7071ed6700 1 -- 10.97.4.84:6789/0 <== mon.1 10.252.24.25:6789/0 25 ==== paxos(auth accept lc 201 fc 0 pn 2800 opn 0 gv {}) v2 ==== 88+0+0 (369760030 0 0) 0x2dfda00 con 0x2ad9640 -84>
2012-11-21 16:15:32.228817 7f7071ed6700 1 -- 10.97.4.84:6789/0 --> mon.1 10.252.24.25:6789/0 -- paxos(auth commit lc 202 fc 0 pn 2800 opn 0 gv {202=5166}) v2 -- ?+0 0x2dfd000 -83>
2012-11-21 16:15:32.228849 7f7071ed6700 1 -- 10.97.4.84:6789/0 --> mon.2 10.252.24.88:6789/0 -- paxos(auth commit lc 202 fc 0 pn 2800 opn 0 gv {202=5166}) v2 -- ?+0 0x2df7c80 -82>
2012-11-21 16:15:32.228864 7f7071ed6700 5 throttle(msgr_dispatch_throttler-mon 0x2a76488) put 88 (0x8b8988 -> 0) -81>
2012-11-21 16:15:32.271285 7f7070bd1700 5 throttle(msgr_dispatch_throttler-mon 0x2a76488) get 88 (0 -> 88) -80>
2012-11-21 16:15:32.271352 7f7071ed6700 1 -- 10.97.4.84:6789/0 <== mon.2 10.252.24.88:6789/0 43 ==== paxos(auth accept lc 201 fc 0 pn 2800 opn 0 gv {}) v2 ==== 88+0+0 (950127759 0 0) 0x2df7c80 con 0x2ad93c0 -79>
2012-11-21 16:15:32.271398 7f7071ed6700 1 -- 10.97.4.84:6789/0 --> mon.1 10.252.24.25:6789/0 -- paxos(auth lease lc 202 fc 181 pn 0 opn 0 gv {}) v2 -- ?+0 0x2dfda00 -78>
2012-11-21 16:15:32.271415 7f7071ed6700 1 -- 10.97.4.84:6789/0 --> mon.2 10.252.24.88:6789/0 -- paxos(auth lease lc 202 fc 181 pn 0 opn 0 gv {}) v2 -- ?+0 0x2df7780 -77>
2012-11-21 16:15:32.273088 7f70706cc700 5 throttle(msgr_dispatch_throttler-mon 0x2a76488) get 88 (88 -> 176) -76>
2012-11-21 16:15:32.277781 7f7071ed6700 5 throttle(msgr_dispatch_throttler-mon 0x2a76488) put 88 (0x8b8988 -> 88) -75>
2012-11-21 16:15:32.277808 7f7071ed6700 1 -- 10.97.4.84:6789/0 <== mon.1 10.252.24.25:6789/0 26 ==== paxos(auth lease_ack lc 202 fc 180 pn 0 opn 0 gv {}) v2 ==== 88+0+0 (1608341968 0 0) 0x2dfda00 con 0x2ad9640 -74>
2012-11-21 16:15:32.277838 7f7071ed6700 5 throttle(msgr_dispatch_throttler-mon 0x2a76488) put 88 (0x8b8988 -> 0) -73>
2012-11-21 16:15:32.282748 7f70706cc700 2 -- 10.97.4.84:6789/0 >> 10.252.24.25:6789/0 pipe(0x2a67b40 sd=17 :50720 pgs=6 cs=1 l=0).reader couldn't read tag, Success -72>
2012-11-21 16:15:32.282782 7f70706cc700 2 -- 10.97.4.84:6789/0 >> 10.252.24.25:6789/0 pipe(0x2a67b40 sd=17 :50720 pgs=6 cs=1 l=0).fault 0: Success -71>
2012-11-21 16:15:32.282821 7f70706cc700 0 -- 10.97.4.84:6789/0 >> 10.252.24.25:6789/0 pipe(0x2a67b40 sd=17 :50720 pgs=6 cs=1 l=0).fault with nothing to send, going to standby -70>
2012-11-21 16:15:32.283187 7f70703c9700 1 -- 10.97.4.84:6789/0 >> :/0 pipe(0x2b2e900 sd=20 :6789 pgs=0 cs=0 l=0).accept sd=20 -69>
2012-11-21 16:15:32.283959 7f70703c9700 5 throttle(mon_daemon_bytes 0x7fff76f54250) get 56 (0 -> 56) -68>
2012-11-21 16:15:32.283971 7f70703c9700 5 throttle(msgr_dispatch_throttler-mon 0x2a76488) get 56 (0 -> 56) -67>
2012-11-21 16:15:32.284004 7f7071ed6700 1 -- 10.97.4.84:6789/0 <== osd.1 10.252.24.25:6801/20153 1 ==== auth(proto 0 26 bytes epoch 3) v1 ==== 56+0+0 (3652012367 0 0) 0x2b51600 con 0x2e0b640 -66>
2012-11-21 16:15:32.284023 7f7071ed6700 1 mon.ldhfmi02@0(leader).paxos(auth active c 182..202) is_readable now=2012-11-21 16:15:32.284024 lease_expire=2012-11-21 16:15:37.271396 has v0 lc 202 -65>
2012-11-21 16:15:32.284061 7f7071ed6700 1 -- 10.97.4.84:6789/0 --> 10.252.24.25:6801/20153 -- auth_reply(proto 2 0 Success) v1 -- ?+0 0x2b2b000 con 0x2e0b640 -64>
2012-11-21 16:15:32.284072 7f7071ed6700 5 throttle(mon_daemon_bytes 0x7fff76f54250) put 56 (0x8b8988 -> 0) -63>
2012-11-21 16:15:32.284076 7f7071ed6700 5 throttle(msgr_dispatch_throttler-mon 0x2a76488) put 56 (0x8b8988 -> 0) -62>
2012-11-21 16:15:32.284539 7f70703c9700 5 throttle(mon_daemon_bytes 0x7fff76f54250) get 158 (0 -> 158) -61>
2012-11-21 16:15:32.284548 7f70703c9700 5 throttle(msgr_dispatch_throttler-mon 0x2a76488) get 158 (0 -> 158) -60>
2012-11-21 16:15:32.284569 7f7071ed6700 1 -- 10.97.4.84:6789/0 <== osd.1 10.252.24.25:6801/20153 2 ==== auth(proto 2 128 bytes epoch 0) v1 ==== 158+0+0 (835346508 0 0) 0x2b51a00 con 0x2e0b640 -59>
2012-11-21 16:15:32.284582 7f7071ed6700 1 mon.ldhfmi02@0(leader).paxos(auth active c 182..202) is_readable now=2012-11-21 16:15:32.284582 lease_expire=2012-11-21 16:15:37.271396 has v0 lc 202 -58>
2012-11-21 16:15:32.286178 7f7071ed6700 1 -- 10.97.4.84:6789/0 --> 10.252.24.25:6801/20153 -- auth_reply(proto 2 0 Success) v1 -- ?+0 0x2b51600 con 0x2e0b640 -57>
2012-11-21 16:15:32.286194 7f7071ed6700 5 throttle(mon_daemon_bytes 0x7fff76f54250) put 158 (0x8b8988 -> 0) -56>
2012-11-21 16:15:32.286199 7f7071ed6700 5 throttle(msgr_dispatch_throttler-mon 0x2a76488) put 158 (0x8b8988 -> 0) -55>
2012-11-21 16:15:32.286748 7f70703c9700 5 throttle(mon_daemon_bytes 0x7fff76f54250) get 69 (0 -> 69) -54>
2012-11-21 16:15:32.286758 7f70703c9700 5 throttle(msgr_dispatch_throttler-mon 0x2a76488) get 69 (0 -> 69) -53>
2012-11-21 16:15:32.286809 7f70703c9700 5 throttle(mon_daemon_bytes 0x7fff76f54250) get 69 (69 -> 138) -52>
2012-11-21 16:15:32.286813 7f70703c9700 5 throttle(msgr_dispatch_throttler-mon 0x2a76488) get 69 (69 -> 138) -51>
2012-11-21 16:15:32.286836 7f7071ed6700 1 -- 10.97.4.84:6789/0 <== osd.1 10.252.24.25:6801/20153 3 ==== mon_subscribe({monmap=4+,osd_pg_creates=0,osdmap=770}) v2 ==== 69+0+0 (729920370 0 0) 0x2abb380 con 0x2e0b640 -50>
2012-11-21 16:15:32.286868 7f7071ed6700 5 mon.ldhfmi02@0(leader).osd e776 send_incremental [770..776] to osd.1 10.252.24.25:6801/20153 -49>
2012-11-21 16:15:32.286937 7f7071ed6700 1 -- 10.97.4.84:6789/0 --> osd.1 10.252.24.25:6801/20153 -- osd_map(770..776 src has 276..776) v3 -- ?+0 0x2b51a00 -48>
2012-11-21 16:15:32.286955 7f7071ed6700 1 -- 10.97.4.84:6789/0 --> osd.1 10.252.24.25:6801/20153 -- mon_subscribe_ack(300s) v1 -- ?+0 0x2aba700 -47>
2012-11-21 16:15:32.286967 7f7071ed6700 5 throttle(mon_daemon_bytes 0x7fff76f54250) put 69 (0x8b8988 -> 69) -46>
2012-11-21 16:15:32.286974 7f7071ed6700 5 throttle(msgr_dispatch_throttler-mon 0x2a76488) put 69 (0x8b8988 -> 69) -45>
2012-11-21 16:15:32.286981 7f7071ed6700 1 -- 10.97.4.84:6789/0 <== osd.1 10.252.24.25:6801/20153 4 ==== mon_subscribe({monmap=4+,osd_pg_creates=0,osdmap=770}) v2 ==== 69+0+0 (729920370 0 0) 0x2abb700 con 0x2e0b640 -44>
2012-11-21 16:15:32.286999 7f7071ed6700 5 mon.ldhfmi02@0(leader).osd e776 send_incremental [770..776] to osd.1 10.252.24.25:6801/20153 -43>
2012-11-21 16:15:32.287045 7f7071ed6700 1 -- 10.97.4.84:6789/0 --> osd.1 10.252.24.25:6801/20153 -- osd_map(770..776 src has 276..776) v3 -- ?+0 0x2b51c00 -42>
2012-11-21 16:15:32.287060 7f7071ed6700 1 -- 10.97.4.84:6789/0 --> osd.1 10.252.24.25:6801/20153 -- mon_subscribe_ack(300s) v1 -- ?+0 0x2abb380 -41>
2012-11-21 16:15:32.287070 7f7071ed6700 5 throttle(mon_daemon_bytes 0x7fff76f54250) put 69 (0x8b8988 -> 0) -40>
2012-11-21 16:15:32.287077 7f7071ed6700 5 throttle(msgr_dispatch_throttler-mon 0x2a76488) put 69 (0x8b8988 -> 0) -39>
2012-11-21 16:15:32.366618 7f7070dd3700 5 throttle(mon_daemon_bytes 0x7fff76f54250) get 250 (0 -> 250) -38>
2012-11-21 16:15:32.366655 7f7070dd3700 5 throttle(msgr_dispatch_throttler-mon 0x2a76488) get 250 (0 -> 250) -37>
2012-11-21 16:15:32.366719 7f7071ed6700 1 -- 10.97.4.84:6789/0 <== mds.0 10.252.24.88:6804/9861 6 ==== mdsbeacon(5600/hotcpc12533 up:active seq 1220 v32) v2 ==== 250+0+0 (1022797320 0 0) 0x2e14280 con 0x2b1e280 -36>
2012-11-21 16:15:32.366752 7f7071ed6700 1 mon.ldhfmi02@0(leader).paxos(mdsmap active c 1..32) is_readable now=2012-11-21 16:15:32.366754 lease_expire=2012-11-21 16:15:35.820800 has v32 lc 32 -35>
2012-11-21 16:15:32.366777 7f7071ed6700 1 -- 10.97.4.84:6789/0 --> 10.252.24.88:6804/9861 -- mdsbeacon(5600/hotcpc12533 up:active seq 1220 v32) v2 -- ?+0 0x2dfda00 con 0x2b1e280 -34>
2012-11-21 16:15:32.366826 7f7071ed6700 5 throttle(mon_daemon_bytes 0x7fff76f54250) put 250 (0x8b8988 -> 0) -33>
2012-11-21 16:15:32.366840 7f7071ed6700 5 throttle(msgr_dispatch_throttler-mon 0x2a76488) put 250 (0x8b8988 -> 0) -32>
2012-11-21 16:15:32.368982 7f7070bd1700 5 throttle(msgr_dispatch_throttler-mon 0x2a76488) get 88 (0 -> 88) -31>
2012-11-21 16:15:32.369023 7f7071ed6700 1 -- 10.97.4.84:6789/0 <== mon.2 10.252.24.88:6789/0 44 ==== paxos(auth lease_ack lc 202 fc 180 pn 0 opn 0 gv {}) v2 ==== 88+0+0 (558302973 0 0) 0x2df7780 con 0x2ad93c0 -30>
2012-11-21 16:15:32.369053 7f7071ed6700 5 throttle(msgr_dispatch_throttler-mon 0x2a76488) put 88 (0x8b8988 -> 0) -29>
2012-11-21 16:15:32.530189 7f7070bd1700 2 -- 10.97.4.84:6789/0 >> 10.252.24.88:6789/0 pipe(0x2a67900 sd=16 :43974 pgs=60779 cs=1 l=0).reader couldn't read tag, Success -28>
2012-11-21 16:15:32.530238 7f7070bd1700 2 -- 10.97.4.84:6789/0 >> 10.252.24.88:6789/0 pipe(0x2a67900 sd=16 :43974 pgs=60779 cs=1 l=0).fault 0: Success -27>
2012-11-21 16:15:32.530250 7f7070bd1700 0 -- 10.97.4.84:6789/0 >> 10.252.24.88:6789/0 pipe(0x2a67900 sd=16 :43974 pgs=60779 cs=1 l=0).fault with nothing to send, going to standby -26>
2012-11-21 16:15:32.530797 7f70701c7700 1 -- 10.97.4.84:6789/0 >> :/0 pipe(0x2de4d80 sd=22 :6789 pgs=0 cs=0 l=0).accept sd=22 -25>
2012-11-21 16:15:32.531649 7f70701c7700 5 throttle(mon_client_bytes 0x7fff76f542d0) get 60 (0 -> 60) -24>
2012-11-21 16:15:32.531662 7f70701c7700 5 throttle(msgr_dispatch_throttler-mon 0x2a76488) get 60 (0 -> 60) -23>
2012-11-21 16:15:32.531691 7f7071ed6700 1 -- 10.97.4.84:6789/0 <== client.? 10.252.24.88:0/17185 1 ==== auth(proto 0 30 bytes epoch 3) v1 ==== 60+0+0 (700203682 0 0) 0x2b51600 con 0x2e0b3c0 -22>
2012-11-21 16:15:32.531706 7f7071ed6700 1 mon.ldhfmi02@0(leader).paxos(auth active c 182..202) is_readable now=2012-11-21 16:15:32.531707 lease_expire=2012-11-21 16:15:37.271396 has v0 lc 202 -21>
2012-11-21 16:15:32.531739 7f7071ed6700 1 -- 10.97.4.84:6789/0 --> 10.252.24.88:0/17185 -- auth_reply(proto 2 0 Success) v1 -- ?+0 0x2b2be00 con 0x2e0b3c0 -20>
2012-11-21 16:15:32.531748 7f7071ed6700 5 throttle(mon_client_bytes 0x7fff76f542d0) put 60 (0x8b8988 -> 0) -19>
2012-11-21 16:15:32.531751 7f7071ed6700 5 throttle(msgr_dispatch_throttler-mon 0x2a76488) put 60 (0x8b8988 -> 0) -18>
2012-11-21 16:15:32.532391 7f70701c7700 5 throttle(mon_client_bytes 0x7fff76f542d0) get 158 (0 -> 158) -17>
2012-11-21 16:15:32.532402 7f70701c7700 5 throttle(msgr_dispatch_throttler-mon 0x2a76488) get 158 (0 -> 158) -16>
2012-11-21 16:15:32.532429 7f7071ed6700 1 -- 10.97.4.84:6789/0 <== client.? 10.252.24.88:0/17185 2 ==== auth(proto 2 128 bytes epoch 0) v1 ==== 158+0+0 (1688906841 0 0) 0x2adfa00 con 0x2e0b3c0 -15>
2012-11-21 16:15:32.532446 7f7071ed6700 1 mon.ldhfmi02@0(leader).paxos(auth active c 182..202) is_readable now=2012-11-21 16:15:32.532447 lease_expire=2012-11-21 16:15:37.271396 has v0 lc 202 -14>
2012-11-21 16:15:32.532644 7f7071ed6700 1 -- 10.97.4.84:6789/0 --> 10.252.24.88:0/17185 -- auth_reply(proto 2 0 Success) v1 -- ?+0 0x2b51600 con 0x2e0b3c0 -13>
2012-11-21 16:15:32.532655 7f7071ed6700 5 throttle(mon_client_bytes 0x7fff76f542d0) put 158 (0x8b8988 -> 0) -12>
2012-11-21 16:15:32.532657 7f7071ed6700 5 throttle(msgr_dispatch_throttler-mon 0x2a76488) put 158 (0x8b8988 -> 0) -11>
2012-11-21 16:15:32.533345 7f70701c7700 5 throttle(mon_client_bytes 0x7fff76f542d0) get 23 (0 -> 23) -10>
2012-11-21 16:15:32.533351 7f70701c7700 5 throttle(msgr_dispatch_throttler-mon 0x2a76488) get 23 (0 -> 23) -9>
2012-11-21 16:15:32.533365 7f70701c7700 5 throttle(mon_client_bytes 0x7fff76f542d0) get 75 (23 -> 98) -8>
2012-11-21 16:15:32.533366 7f70701c7700 5 throttle(msgr_dispatch_throttler-mon 0x2a76488) get 75 (23 -> 98) -7>
2012-11-21 16:15:32.533382 7f7071ed6700 1 -- 10.97.4.84:6789/0 <== client.? 10.252.24.88:0/17185 3 ==== mon_subscribe({monmap=4+}) v2 ==== 23+0+0 (3193407737 0 0) 0x2aba700 con 0x2e0b3c0 -6>
2012-11-21 16:15:32.533398 7f7071ed6700 1 -- 10.97.4.84:6789/0 --> client.? 10.252.24.88:0/17185 -- mon_subscribe_ack(300s) v1 -- ?+0 0x2abb700 -5>
2012-11-21 16:15:32.533404 7f7071ed6700 5 throttle(mon_client_bytes 0x7fff76f542d0) put 23 (0x8b8988 -> 75) -4>
2012-11-21 16:15:32.533406 7f7071ed6700 5 throttle(msgr_dispatch_throttler-mon 0x2a76488) put 23 (0x8b8988 -> 75) -3>
2012-11-21 16:15:32.533407 7f7071ed6700 1 -- 10.97.4.84:6789/0 <== client.? 10.252.24.88:0/17185 4 ==== mon_command(pg map 10000000005.00000000 v 0) v1 ==== 75+0+0 (3885788949 0 0) 0x2abce00 con 0x2e0b3c0 -2>
2012-11-21 16:15:32.533413 7f7071ed6700 0 mon.ldhfmi02@0(leader) e3 handle_command mon_command(pg map 10000000005.00000000 v 0) v1 -1>
2012-11-21 16:15:32.533416 7f7071ed6700 1 mon.ldhfmi02@0(leader).paxos(pgmap active c 1208..1708) is_readable now=2012-11-21 16:15:32.533417 lease_expire=2012-11-21 16:15:35.796906 has v0 lc 1708 0>
2012-11-21 16:15:32.533949 7f7071ed6700 -1 ./osd/OSDMap.h: In function 'pg_t OSDMap::raw_pg_to_pg(pg_t) const' thread 7f7071ed6700 time
2012-11-21 16:15:32.533453 ./osd/OSDMap.h: 486: FAILED assert(pools.count(pg.pool())) ceph version 0.54 (commit:60b84b095b1009a305d4d6a5b16f88571cbd3150) 1: (PGMonitor::preprocess_command(MMonCommand*)+0xd60) [0x4eeba0] 2: (PGMonitor::preprocess_query(PaxosServiceMessage*)+0x2aa) [0x4ef85a] 3: (PaxosService::dispatch(PaxosServiceMessage*)+0x12d) [0x49e35d] 4: (Monitor::handle_command(MMonCommand*)+0x6f2) [0x47af22] 5: (Monitor::_ms_dispatch(Message*)+0x10ab) [0x48044b] 6: (Monitor::ms_dispatch(Message*)+0x7e) [0x491aee] 7: (DispatchQueue::entry()+0x6a9) [0x6267f9] 8: (DispatchQueue::DispatchThread::entry()+0xd) [0x62198d] 9: (()+0x68ca) [0x7f70771cd8ca] 10: (clone()+0x6d) [0x7f707611586d] NOTE: a copy of the executable, or `objdump -rdS ` is needed to interpret this. --- logging levels --- 0/ 5 none 0/ 5 lockdep 0/ 5 context 1/ 5 crush 1/ 5 mds 1/ 5 mds_balancer 1/ 5 mds_locker 1/ 5 mds_log 1/ 5 mds_log_expire 1/ 5 mds_migrator 0/ 0 buffer 0/ 5 timer 0/ 5 filer 0/ 0 objecter 0/ 5 rados 0/ 5 rbd 0/ 5 journaler 0/ 5 objectcacher 0/ 5 client 0/ 5 osd 0/ 5 optracker 0/ 5 objclass 1/ 5 filestore 1/ 5 journal 0/ 5 ms 1/ 5 mon 0/ 5 monc 0/ 5 paxos 0/ 5 tp 1/ 5 auth 1/ 5 finisher 1/ 5 heartbeatmap 1/ 5 perfcounter 1/ 5 rgw 1/ 5 hadoop 1/ 5 asok 1/ 5 throttle -2/-2 (syslog threshold) 99/99 (stderr threshold) max_recent 10000 max_new 1000000 log_file --- end dump of recent events --- terminate called after throwing an instance of 'ceph::FailedAssertion' *** Caught signal (Aborted) ** in thread 7f7071ed6700 ceph version 0.54 (commit:60b84b095b1009a305d4d6a5b16f88571cbd3150) 1: /usr/bin/ceph-mon() [0x5310b9] 2: (()+0xeff0) [0x7f70771d5ff0] 3: (gsignal()+0x35) [0x7f70760781b5] 4: (abort()+0x180) [0x7f707607afc0] 5: (__gnu_cxx::__verbose_terminate_handler()+0x115) [0x7f707690cdc5] 6: (()+0xcb166) [0x7f707690b166] 7: (()+0xcb193) [0x7f707690b193] 8: (()+0xcb28e) [0x7f707690b28e] 9: (ceph::__ceph_assert_fail(char const*, char const*, int, char const*)+0x7c9) [0x554119] 10: (PGMonitor::preprocess_command(MMonCommand*)+0xd60) [0x4eeba0] 11: (PGMonitor::preprocess_query(PaxosServiceMessage*)+0x2aa) [0x4ef85a] 12: (PaxosService::dispatch(PaxosServiceMessage*)+0x12d) [0x49e35d] 13: (Monitor::handle_command(MMonCommand*)+0x6f2) [0x47af22] 14: (Monitor::_ms_dispatch(Message*)+0x10ab) [0x48044b] 15: (Monitor::ms_dispatch(Message*)+0x7e) [0x491aee] 16: (DispatchQueue::entry()+0x6a9) [0x6267f9] 17: (DispatchQueue::DispatchThread::entry()+0xd) [0x62198d] 18: (()+0x68ca) [0x7f70771cd8ca] 19: (clone()+0x6d) [0x7f707611586d]
2012-11-21 16:15:32.544163 7f7071ed6700 -1 *** Caught signal (Aborted) ** in thread 7f7071ed6700 ceph version 0.54 (commit:60b84b095b1009a305d4d6a5b16f88571cbd3150) 1: /usr/bin/ceph-mon() [0x5310b9] 2: (()+0xeff0) [0x7f70771d5ff0] 3: (gsignal()+0x35) [0x7f70760781b5] 4: (abort()+0x180) [0x7f707607afc0] 5: (__gnu_cxx::__verbose_terminate_handler()+0x115) [0x7f707690cdc5] 6: (()+0xcb166) [0x7f707690b166] 7: (()+0xcb193) [0x7f707690b193] 8: (()+0xcb28e) [0x7f707690b28e] 9: (ceph::__ceph_assert_fail(char const*, char const*, int, char const*)+0x7c9) [0x554119] 10: (PGMonitor::preprocess_command(MMonCommand*)+0xd60) [0x4eeba0] 11: (PGMonitor::preprocess_query(PaxosServiceMessage*)+0x2aa) [0x4ef85a] 12: (PaxosService::dispatch(PaxosServiceMessage*)+0x12d) [0x49e35d] 13: (Monitor::handle_command(MMonCommand*)+0x6f2) [0x47af22] 14: (Monitor::_ms_dispatch(Message*)+0x10ab) [0x48044b] 15: (Monitor::ms_dispatch(Message*)+0x7e) [0x491aee] 16: (DispatchQueue::entry()+0x6a9) [0x6267f9] 17: (DispatchQueue::DispatchThread::entry()+0xd) [0x62198d] 18: (()+0x68ca) [0x7f70771cd8ca] 19: (clone()+0x6d) [0x7f707611586d] NOTE: a copy of the executable, or `objdump -rdS ` is needed to interpret this. --- begin dump of recent events --- 0>
2012-11-21 16:15:32.544163 7f7071ed6700 -1 *** Caught signal (Aborted) ** in thread 7f7071ed6700 ceph version 0.54 (commit:60b84b095b1009a305d4d6a5b16f88571cbd3150) 1: /usr/bin/ceph-mon() [0x5310b9] 2: (()+0xeff0) [0x7f70771d5ff0] 3: (gsignal()+0x35) [0x7f70760781b5] 4: (abort()+0x180) [0x7f707607afc0] 5: (__gnu_cxx::__verbose_terminate_handler()+0x115) [0x7f707690cdc5] 6: (()+0xcb166) [0x7f707690b166] 7: (()+0xcb193) [0x7f707690b193] 8: (()+0xcb28e) [0x7f707690b28e] 9: (ceph::__ceph_assert_fail(char const*, char const*, int, char const*)+0x7c9) [0x554119] 10: (PGMonitor::preprocess_command(MMonCommand*)+0xd60) [0x4eeba0] 11: (PGMonitor::preprocess_query(PaxosServiceMessage*)+0x2aa) [0x4ef85a] 12: (PaxosService::dispatch(PaxosServiceMessage*)+0x12d) [0x49e35d] 13: (Monitor::handle_command(MMonCommand*)+0x6f2) [0x47af22] 14: (Monitor::_ms_dispatch(Message*)+0x10ab) [0x48044b] 15: (Monitor::ms_dispatch(Message*)+0x7e) [0x491aee] 16: (DispatchQueue::entry()+0x6a9) [0x6267f9] 17: (DispatchQueue::DispatchThread::entry()+0xd) [0x62198d] 18: (()+0x68ca) [0x7f70771cd8ca] 19: (clone()+0x6d) [0x7f707611586d] NOTE: a copy of the executable, or `objdump -rdS ` is needed to interpret this. --- logging levels --- 0/ 5 none 0/ 5 lockdep 0/ 5 context 1/ 5 crush 1/ 5 mds 1/ 5 mds_balancer 1/ 5 mds_locker 1/ 5 mds_log 1/ 5 mds_log_expire 1/ 5 mds_migrator 0/ 0 buffer 0/ 5 timer 0/ 5 filer 0/ 0 objecter 0/ 5 rados 0/ 5 rbd 0/ 5 journaler 0/ 5 objectcacher 0/ 5 client 0/ 5 osd 0/ 5 optracker 0/ 5 objclass 1/ 5 filestore 1/ 5 journal 0/ 5 ms 1/ 5 mon 0/ 5 monc 0/ 5 paxos 0/ 5 tp 1/ 5 auth 1/ 5 finisher 1/ 5 heartbeatmap 1/ 5 perfcounter 1/ 5 rgw 1/ 5 hadoop 1/ 5 asok 1/ 5 throttle -2/-2 (syslog threshold) 99/99 (stderr threshold) max_recent 10000 max_new 1000000 log_file --- end dump of recent events ---